CRAN Package Check Results for Package documair

Last updated on 2021-05-15 19:48:51 CEST.

Flavor Version Tinstall Tcheck Ttotal Status Flags
r-devel-linux-x86_64-debian-clang 0.6-0 7.10 40.28 47.38 NOTE
r-devel-linux-x86_64-debian-gcc 0.6-0 6.44 30.39 36.83 NOTE
r-devel-linux-x86_64-fedora-clang 0.6-0 68.54 NOTE
r-devel-linux-x86_64-fedora-gcc 0.6-0 55.91 NOTE
r-devel-windows-ix86+x86_64 0.6-0 14.00 42.00 56.00 NOTE
r-devel-windows-x86_64-gcc10-UCRT 0.6-0 NOTE
r-patched-linux-x86_64 0.6-0 7.40 38.96 46.36 NOTE
r-patched-solaris-x86 0.6-0 73.10 NOTE
r-release-linux-x86_64 0.6-0 7.77 36.70 44.47 NOTE
r-release-macos-x86_64 0.6-0 NOTE
r-release-windows-ix86+x86_64 0.6-0 11.00 43.00 54.00 NOTE
r-oldrel-macos-x86_64 0.6-0 NOTE
r-oldrel-windows-ix86+x86_64 0.6-0 14.00 64.00 78.00 NOTE

Check Details

Version: 0.6-0
Check: R code for possible problems
Result: NOTE
    ppert: no visible global function definition for 'pbeta'
    prepare8pkg: no visible global function definition for 'glob2rx'
    qpert: no visible global function definition for 'qbeta'
    rpert: no visible global function definition for 'rbeta'
    Undefined global functions or variables:
     glob2rx pbeta qbeta rbeta
    Consider adding
     importFrom("stats", "pbeta", "qbeta", "rbeta")
     importFrom("utils", "glob2rx")
    to your NAMESPACE file.
Flavors: r-devel-linux-x86_64-debian-clang, r-devel-linux-x86_64-debian-gcc, r-devel-linux-x86_64-fedora-clang, r-devel-linux-x86_64-fedora-gcc, r-devel-windows-ix86+x86_64, r-devel-windows-x86_64-gcc10-UCRT, r-patched-linux-x86_64, r-patched-solaris-x86, r-release-linux-x86_64, r-release-macos-x86_64, r-release-windows-ix86+x86_64, r-oldrel-macos-x86_64, r-oldrel-windows-ix86+x86_64

Version: 0.6-0
Check: compiled code
Result: NOTE
    File ‘documair/libs/documair.so’:
     Found no calls to: ‘R_registerRoutines’, ‘R_useDynamicSymbols’
    
    It is good practice to register native routines and to disable symbol
    search.
    
    See ‘Writing portable packages’ in the ‘Writing R Extensions’ manual.
Flavors: r-devel-linux-x86_64-fedora-clang, r-devel-linux-x86_64-fedora-gcc