CRAN Package Check Results for Package docxtools

Last updated on 2024-02-29 00:00:29 CET.

Flavor Version Tinstall Tcheck Ttotal Status Flags
r-devel-linux-x86_64-debian-clang 0.3.0 8.34 76.59 84.93 ERROR
r-devel-linux-x86_64-debian-gcc 0.3.0 6.35 57.77 64.12 ERROR
r-devel-linux-x86_64-fedora-clang 0.3.0 112.35 ERROR
r-devel-linux-x86_64-fedora-gcc 0.3.0 118.29 ERROR
r-devel-windows-x86_64 0.3.0 7.00 73.00 80.00 OK
r-patched-linux-x86_64 0.3.0 5.14 71.27 76.41 OK
r-release-linux-x86_64 0.3.0 6.55 72.22 78.77 ERROR
r-release-macos-arm64 0.3.0 38.00 OK
r-release-macos-x86_64 0.3.0 62.00 OK
r-release-windows-x86_64 0.3.0 10.00 88.00 98.00 ERROR
r-oldrel-macos-arm64 0.3.0 35.00 OK
r-oldrel-windows-x86_64 0.3.0 9.00 89.00 98.00 ERROR

Check Details

Version: 0.3.0
Check: tests
Result: ERROR Running ‘testthat.R’ [4s/5s] Running the tests in ‘tests/testthat.R’ failed. Complete output: > library(testthat) > library(docxtools) > > test_check("docxtools") [ FAIL 1 | WARN 0 | SKIP 0 | PASS 22 ] ══ Failed tests ════════════════════════════════════════════════════════════════ ── Failure ('test_put.R:21:3'): put_axes() attributes match expectations ─────── p$layers[[1]]$geom$non_missing_aes not identical to c("linetype", "linewidth", "shape"). Lengths differ: 2 is not 3 [ FAIL 1 | WARN 0 | SKIP 0 | PASS 22 ] Error: Test failures Execution halted Flavor: r-devel-linux-x86_64-debian-clang

Version: 0.3.0
Check: tests
Result: ERROR Running ‘testthat.R’ [3s/5s] Running the tests in ‘tests/testthat.R’ failed. Complete output: > library(testthat) > library(docxtools) > > test_check("docxtools") [ FAIL 1 | WARN 0 | SKIP 0 | PASS 22 ] ══ Failed tests ════════════════════════════════════════════════════════════════ ── Failure ('test_put.R:21:3'): put_axes() attributes match expectations ─────── p$layers[[1]]$geom$non_missing_aes not identical to c("linetype", "linewidth", "shape"). Lengths differ: 2 is not 3 [ FAIL 1 | WARN 0 | SKIP 0 | PASS 22 ] Error: Test failures Execution halted Flavor: r-devel-linux-x86_64-debian-gcc

Version: 0.3.0
Check: tests
Result: ERROR Running ‘testthat.R’ [5s/22s] Running the tests in ‘tests/testthat.R’ failed. Complete output: > library(testthat) > library(docxtools) > > test_check("docxtools") [ FAIL 1 | WARN 0 | SKIP 0 | PASS 22 ] ══ Failed tests ════════════════════════════════════════════════════════════════ ── Failure ('test_put.R:21:3'): put_axes() attributes match expectations ─────── p$layers[[1]]$geom$non_missing_aes not identical to c("linetype", "linewidth", "shape"). Lengths differ: 2 is not 3 [ FAIL 1 | WARN 0 | SKIP 0 | PASS 22 ] Error: Test failures Execution halted Flavor: r-devel-linux-x86_64-fedora-clang

Version: 0.3.0
Check: tests
Result: ERROR Running ‘testthat.R’ [5s/16s] Running the tests in ‘tests/testthat.R’ failed. Complete output: > library(testthat) > library(docxtools) > > test_check("docxtools") [ FAIL 1 | WARN 0 | SKIP 0 | PASS 22 ] ══ Failed tests ════════════════════════════════════════════════════════════════ ── Failure ('test_put.R:21:3'): put_axes() attributes match expectations ─────── p$layers[[1]]$geom$non_missing_aes not identical to c("linetype", "linewidth", "shape"). Lengths differ: 2 is not 3 [ FAIL 1 | WARN 0 | SKIP 0 | PASS 22 ] Error: Test failures Execution halted Flavor: r-devel-linux-x86_64-fedora-gcc

Version: 0.3.0
Check: tests
Result: ERROR Running ‘testthat.R’ [4s/4s] Running the tests in ‘tests/testthat.R’ failed. Complete output: > library(testthat) > library(docxtools) > > test_check("docxtools") [ FAIL 1 | WARN 0 | SKIP 0 | PASS 22 ] ══ Failed tests ════════════════════════════════════════════════════════════════ ── Failure ('test_put.R:21:3'): put_axes() attributes match expectations ─────── p$layers[[1]]$geom$non_missing_aes not identical to c("linetype", "linewidth", "shape"). Lengths differ: 2 is not 3 [ FAIL 1 | WARN 0 | SKIP 0 | PASS 22 ] Error: Test failures Execution halted Flavor: r-release-linux-x86_64

Version: 0.3.0
Check: tests
Result: ERROR Running 'testthat.R' [4s] Running the tests in 'tests/testthat.R' failed. Complete output: > library(testthat) > library(docxtools) > > test_check("docxtools") [ FAIL 1 | WARN 0 | SKIP 0 | PASS 22 ] ══ Failed tests ════════════════════════════════════════════════════════════════ ── Failure ('test_put.R:21:3'): put_axes() attributes match expectations ─────── p$layers[[1]]$geom$non_missing_aes not identical to c("linetype", "linewidth", "shape"). Lengths differ: 2 is not 3 [ FAIL 1 | WARN 0 | SKIP 0 | PASS 22 ] Error: Test failures Execution halted Flavors: r-release-windows-x86_64, r-oldrel-windows-x86_64