CRAN Package Check Results for Package donut

Last updated on 2024-06-13 01:57:47 CEST.

Flavor Version Tinstall Tcheck Ttotal Status Flags
r-devel-linux-x86_64-debian-clang 1.0.3 2.15 34.08 36.23 OK
r-devel-linux-x86_64-debian-gcc 1.0.3 1.52 24.28 25.80 ERROR
r-devel-linux-x86_64-fedora-clang 1.0.3 46.64 OK
r-devel-linux-x86_64-fedora-gcc 1.0.3 57.65 OK
r-devel-windows-x86_64 1.0.3 4.00 47.00 51.00 OK
r-patched-linux-x86_64 1.0.3 2.38 32.23 34.61 OK
r-release-linux-x86_64 1.0.3 1.66 32.63 34.29 OK
r-release-macos-arm64 1.0.3 23.00 OK
r-release-macos-x86_64 1.0.3 34.00 OK
r-release-windows-x86_64 1.0.3 3.00 47.00 50.00 OK
r-oldrel-macos-arm64 1.0.3 38.00 OK
r-oldrel-macos-x86_64 1.0.3 53.00 OK
r-oldrel-windows-x86_64 1.0.3 3.00 48.00 51.00 OK

Check Details

Version: 1.0.3
Check: package dependencies
Result: NOTE Package suggested but not available for checking: ‘testthat’ Flavor: r-devel-linux-x86_64-debian-gcc

Version: 1.0.3
Check: tests
Result: ERROR Running ‘testthat.R’ [0s/1s] Running the tests in ‘tests/testthat.R’ failed. Complete output: > library(testthat) Error in library(testthat) : there is no package called 'testthat' Execution halted Flavor: r-devel-linux-x86_64-debian-gcc