CRAN Package Check Results for Package dosearch

Last updated on 2024-06-14 02:53:57 CEST.

Flavor Version Tinstall Tcheck Ttotal Status Flags
r-devel-linux-x86_64-debian-clang 1.0.8 63.27 39.80 103.07 NOTE
r-devel-linux-x86_64-debian-gcc 1.0.8 44.02 29.29 73.31 NOTE
r-devel-linux-x86_64-fedora-clang 1.0.8 161.61 NOTE
r-devel-linux-x86_64-fedora-gcc 1.0.8 149.80 NOTE
r-devel-windows-x86_64 1.0.8 49.00 66.00 115.00 NOTE
r-patched-linux-x86_64 1.0.8 54.58 37.89 92.47 NOTE
r-release-linux-x86_64 1.0.8 54.81 37.89 92.70 NOTE
r-release-macos-arm64 1.0.8 32.00 NOTE
r-release-macos-x86_64 1.0.8 40.00 NOTE
r-release-windows-x86_64 1.0.8 49.00 73.00 122.00 NOTE
r-oldrel-macos-arm64 1.0.8 38.00 NOTE
r-oldrel-macos-x86_64 1.0.8 65.00 NOTE
r-oldrel-windows-x86_64 1.0.8 47.00 80.00 127.00 NOTE

Check Details

Version: 1.0.8
Check: C++ specification
Result: NOTE Specified C++11: please drop specification unless essential Flavors: r-devel-linux-x86_64-debian-clang, r-devel-linux-x86_64-debian-gcc, r-devel-linux-x86_64-fedora-clang, r-devel-linux-x86_64-fedora-gcc, r-devel-windows-x86_64, r-patched-linux-x86_64, r-release-linux-x86_64, r-release-macos-arm64, r-release-macos-x86_64, r-release-windows-x86_64, r-oldrel-macos-arm64, r-oldrel-macos-x86_64, r-oldrel-windows-x86_64

Version: 1.0.8
Check: package dependencies
Result: NOTE Package suggested but not available for checking: ‘igraph’ Flavor: r-devel-linux-x86_64-debian-gcc