CRAN Package Check Results for Package dosedesignR

Last updated on 2023-12-07 15:48:15 CET.

Flavor Version Tinstall Tcheck Ttotal Status Flags
r-devel-linux-x86_64-debian-clang 0.3.0 3.72 30.81 34.53 OK
r-devel-linux-x86_64-debian-gcc 0.3.0 2.98 23.96 26.94 OK
r-devel-linux-x86_64-fedora-clang 0.3.0 44.15 NOTE
r-devel-linux-x86_64-fedora-gcc 0.3.0 53.31 NOTE
r-devel-windows-x86_64 0.3.0 5.00 47.00 52.00 OK
r-patched-linux-x86_64 0.3.0 3.02 30.19 33.21 OK
r-release-linux-x86_64 0.3.0 3.65 29.87 33.52 OK
r-release-macos-arm64 0.3.0 24.00 OK
r-release-macos-x86_64 0.3.0 34.00 OK
r-release-windows-x86_64 0.3.0 6.00 46.00 52.00 OK
r-oldrel-macos-arm64 0.3.0 20.00 OK
r-oldrel-macos-x86_64 0.3.0 30.00 OK
r-oldrel-windows-x86_64 0.3.0 6.00 57.00 63.00 OK

Check Details

Version: 0.3.0
Check: dependencies in R code
Result: NOTE Namespaces in Imports field not imported from: ‘DT’ ‘DoseFinding’ ‘Rsolnp’ ‘ggplot2’ ‘kableExtra’ ‘knitr’ ‘latticeExtra’ ‘purrr’ ‘readxl’ ‘shinyBS’ ‘shinyWidgets’ ‘shinyjs’ ‘stringr’ ‘utils’ All declared Imports should be used. Flavors: r-devel-linux-x86_64-fedora-clang, r-devel-linux-x86_64-fedora-gcc