CRAN Package Check Results for Package doseminer

Last updated on 2021-09-19 11:49:49 CEST.

Flavor Version Tinstall Tcheck Ttotal Status Flags
r-devel-linux-x86_64-debian-clang 0.1.2 2.30 32.50 34.80 OK
r-devel-linux-x86_64-debian-gcc 0.1.2 1.85 25.45 27.30 OK
r-devel-linux-x86_64-fedora-clang 0.1.2 52.03 OK
r-devel-linux-x86_64-fedora-gcc 0.1.2 39.96 OK
r-devel-windows-x86_64 0.1.2 4.00 54.00 58.00 OK
r-devel-windows-x86_64-gcc10-UCRT 0.1.2 ERROR
r-patched-linux-x86_64 0.1.2 2.31 32.15 34.46 OK
r-patched-solaris-x86 0.1.2 68.60 OK
r-release-linux-x86_64 0.1.2 1.93 32.13 34.06 OK
r-release-macos-arm64 0.1.2 OK
r-release-macos-x86_64 0.1.2 OK
r-release-windows-ix86+x86_64 0.1.2 6.00 43.00 49.00 OK
r-oldrel-macos-x86_64 0.1.2 OK
r-oldrel-windows-ix86+x86_64 0.1.2 5.00 52.00 57.00 OK

Check Details

Version: 0.1.2
Check: whether package can be installed
Result: WARN
    Found the following significant warnings:
     WARNING: installation-time patches will not be applied, could not get the patches index
Flavor: r-devel-windows-x86_64-gcc10-UCRT

Version: 0.1.2
Check: PDF version of manual
Result: WARN
    LaTeX errors when creating PDF version.
    This typically indicates Rd problems.
Flavor: r-devel-windows-x86_64-gcc10-UCRT

Version: 0.1.2
Check: PDF version of manual without hyperrefs or index
Result: ERROR
    Re-running with no redirection of stdout/stderr.
Flavor: r-devel-windows-x86_64-gcc10-UCRT