CRAN Package Check Results for Package dotsViolin

Last updated on 2024-04-13 01:53:24 CEST.

Flavor Version Tinstall Tcheck Ttotal Status Flags
r-devel-linux-x86_64-debian-clang 0.0.1 7.57 63.77 71.34 OK
r-devel-linux-x86_64-debian-gcc 0.0.1 5.43 47.32 52.75 OK
r-devel-linux-x86_64-fedora-clang 0.0.1 85.89 NOTE
r-devel-linux-x86_64-fedora-gcc 0.0.1 80.63 NOTE
r-devel-windows-x86_64 0.0.1 8.00 65.00 73.00 OK
r-patched-linux-x86_64 0.0.1 4.82 58.93 63.75 OK
r-release-linux-x86_64 0.0.1 5.48 59.63 65.11 OK
r-release-macos-arm64 0.0.1 32.00 OK
r-release-macos-x86_64 0.0.1 57.00 OK
r-release-windows-x86_64 0.0.1 8.00 72.00 80.00 OK
r-oldrel-macos-arm64 0.0.1 43.00 OK
r-oldrel-windows-x86_64 0.0.1 9.00 79.00 88.00 OK

Check Details

Version: 0.0.1
Check: data for non-ASCII characters
Result: NOTE Note: found 2 marked UTF-8 strings Flavors: r-devel-linux-x86_64-fedora-clang, r-devel-linux-x86_64-fedora-gcc