Last updated on 2021-04-16 09:49:59 CEST.
Flavor | Version | Tinstall | Tcheck | Ttotal | Status | Flags |
---|---|---|---|---|---|---|
r-devel-linux-x86_64-debian-clang | 1.1 | 1.84 | 20.51 | 22.35 | NOTE | |
r-devel-linux-x86_64-debian-gcc | 1.1 | 1.54 | 16.10 | 17.64 | NOTE | |
r-devel-linux-x86_64-fedora-clang | 1.1 | 37.20 | NOTE | |||
r-devel-linux-x86_64-fedora-gcc | 1.1 | 26.87 | NOTE | |||
r-devel-windows-ix86+x86_64 | 1.1 | 5.00 | 32.00 | 37.00 | NOTE | |
r-devel-windows-x86_64-gcc10-UCRT | 1.1 | NOTE | ||||
r-patched-linux-x86_64 | 1.1 | 2.00 | 19.92 | 21.92 | OK | |
r-patched-solaris-x86 | 1.1 | 41.70 | OK | |||
r-release-linux-x86_64 | 1.1 | 1.75 | 19.75 | 21.50 | OK | |
r-release-macos-x86_64 | 1.1 | OK | ||||
r-release-windows-ix86+x86_64 | 1.1 | 4.00 | 25.00 | 29.00 | OK | |
r-oldrel-macos-x86_64 | 1.1 | OK | ||||
r-oldrel-windows-ix86+x86_64 | 1.1 | 5.00 | 44.00 | 49.00 | OK |
Version: 1.1
Check: LazyData
Result: NOTE
'LazyData' is specified without a 'data' directory
Flavors: r-devel-linux-x86_64-debian-clang, r-devel-linux-x86_64-debian-gcc, r-devel-linux-x86_64-fedora-clang, r-devel-linux-x86_64-fedora-gcc, r-devel-windows-ix86+x86_64, r-devel-windows-x86_64-gcc10-UCRT