Last updated on 2023-10-03 15:04:30 CEST.
Flavor | Version | Tinstall | Tcheck | Ttotal | Status | Flags |
---|---|---|---|---|---|---|
r-devel-linux-x86_64-debian-clang | 0.3.2 | 3.02 | 47.26 | 50.28 | OK | |
r-devel-linux-x86_64-debian-gcc | 0.3.2 | 2.24 | 37.49 | 39.73 | OK | |
r-devel-linux-x86_64-fedora-clang | 0.3.2 | 62.75 | NOTE | |||
r-devel-linux-x86_64-fedora-gcc | 0.3.2 | 74.78 | OK | |||
r-devel-windows-x86_64 | 0.3.2 | 5.00 | 60.00 | 65.00 | NOTE | |
r-patched-linux-x86_64 | 0.3.2 | 2.08 | 45.47 | 47.55 | OK | |
r-release-linux-x86_64 | 0.3.2 | 3.35 | 46.86 | 50.21 | OK | |
r-release-macos-arm64 | 0.3.2 | 42.00 | NOTE | |||
r-release-macos-x86_64 | 0.3.2 | 48.00 | NOTE | |||
r-release-windows-x86_64 | 0.3.2 | 7.00 | 65.00 | 72.00 | NOTE | |
r-oldrel-macos-arm64 | 0.3.2 | 25.00 | NOTE | |||
r-oldrel-macos-x86_64 | 0.3.2 | 38.00 | NOTE | |||
r-oldrel-windows-x86_64 | 0.3.2 | 5.00 | 67.00 | 72.00 | NOTE |
Version: 0.3.2
Check: installed package size
Result: NOTE
installed size is 5.3Mb
sub-directories of 1Mb or more:
assets 2.9Mb
doc 2.1Mb
Flavors: r-devel-linux-x86_64-fedora-clang, r-devel-windows-x86_64, r-release-macos-arm64, r-release-macos-x86_64, r-release-windows-x86_64, r-oldrel-macos-arm64, r-oldrel-macos-x86_64, r-oldrel-windows-x86_64