CRAN Package Check Results for Package dowser

Last updated on 2024-07-23 16:49:02 CEST.

Flavor Version Tinstall Tcheck Ttotal Status Flags
r-devel-linux-x86_64-debian-clang 2.2.0 55.22 704.52 759.74 OK
r-devel-linux-x86_64-debian-gcc 2.2.0 47.30 533.32 580.62 NOTE
r-devel-linux-x86_64-fedora-clang 2.2.0 962.45 OK
r-devel-linux-x86_64-fedora-gcc 2.2.0 938.26 OK
r-devel-windows-x86_64 2.2.0 55.00 572.00 627.00 NOTE
r-patched-linux-x86_64 2.2.0 63.43 665.90 729.33 OK
r-release-linux-x86_64 2.2.0 40.19 679.38 719.57 OK
r-release-macos-arm64 2.2.0 282.00 OK
r-release-macos-x86_64 2.2.0 379.00 NOTE
r-release-windows-x86_64 2.2.0 50.00 568.00 618.00 OK
r-oldrel-macos-arm64 2.2.0 270.00 NOTE
r-oldrel-macos-x86_64 2.2.0 489.00 NOTE
r-oldrel-windows-x86_64 2.2.0 70.00 722.00 792.00 NOTE

Check Details

Version: 2.2.0
Check: Rd cross-references
Result: NOTE Found the following Rd file(s) with Rd \link{} targets missing package anchors: correlationTest.Rd: phylo Please provide package anchors for all Rd \link{} targets not in the package itself and the base packages. Flavors: r-devel-linux-x86_64-debian-gcc, r-devel-windows-x86_64

Version: 2.2.0
Check: package dependencies
Result: NOTE Package suggested but not available for checking: ‘pwalign’ Flavors: r-release-macos-x86_64, r-oldrel-macos-arm64, r-oldrel-macos-x86_64, r-oldrel-windows-x86_64