CRAN Package Check Results for Package dparser

Last updated on 2020-07-13 13:48:35 CEST.

Flavor Version Tinstall Tcheck Ttotal Status Flags
r-devel-linux-x86_64-debian-clang 0.1.8 15.89 34.00 49.89 NOTE
r-devel-linux-x86_64-debian-gcc 0.1.8 10.19 26.95 37.14 NOTE
r-devel-linux-x86_64-fedora-clang 0.1.8 69.73 NOTE
r-devel-linux-x86_64-fedora-gcc 0.1.8 57.46 NOTE
r-devel-windows-ix86+x86_64 0.1.8 49.00 95.00 144.00 OK
r-patched-linux-x86_64 0.1.8 11.84 33.21 45.05 NOTE
r-patched-solaris-x86 0.1.8 71.80 NOTE
r-release-linux-x86_64 0.1.8 11.34 33.13 44.47 NOTE
r-release-macos-x86_64 0.1.8 ERROR
r-release-windows-ix86+x86_64 0.1.8 51.00 76.00 127.00 OK
r-oldrel-macos-x86_64 0.1.8 OK
r-oldrel-windows-ix86+x86_64 0.1.8 49.00 76.00 125.00 OK

Additional issues

clang-UBSAN gcc-UBSAN

Check Details

Version: 0.1.8
Check: for non-standard things in the check directory
Result: NOTE
    Found the following files/directories:
     'ansic_gram.c'
Flavors: r-devel-linux-x86_64-debian-clang, r-devel-linux-x86_64-debian-gcc, r-devel-linux-x86_64-fedora-clang, r-devel-linux-x86_64-fedora-gcc, r-patched-linux-x86_64, r-patched-solaris-x86, r-release-linux-x86_64

Version: 0.1.8
Check: whether package can be installed
Result: ERROR
    Installation failed.
Flavor: r-release-macos-x86_64