CRAN Package Check Results for Package dparser

Last updated on 2019-12-10 19:48:46 CET.

Flavor Version Tinstall Tcheck Ttotal Status Flags
r-devel-linux-x86_64-debian-clang 0.1.8 16.08 33.10 49.18 NOTE
r-devel-linux-x86_64-debian-gcc 0.1.8 9.60 25.81 35.41 NOTE
r-devel-linux-x86_64-fedora-clang 0.1.8 60.47 NOTE
r-devel-linux-x86_64-fedora-gcc 0.1.8 56.50 NOTE
r-devel-windows-ix86+x86_64 0.1.8 37.00 122.00 159.00 OK
r-devel-windows-ix86+x86_64-gcc8 0.1.8 36.00 78.00 114.00 OK
r-patched-linux-x86_64 0.1.8 9.63 29.24 38.87 OK
r-patched-solaris-x86 0.1.8 65.80 OK
r-release-linux-x86_64 0.1.8 10.35 29.44 39.79 OK
r-release-windows-ix86+x86_64 0.1.8 56.00 77.00 133.00 OK
r-release-osx-x86_64 0.1.8 OK
r-oldrel-windows-ix86+x86_64 0.1.8 48.00 81.00 129.00 OK
r-oldrel-osx-x86_64 0.1.8 OK

Additional issues

clang-UBSAN gcc-UBSAN

Check Details

Version: 0.1.8
Check: for non-standard things in the check directory
Result: NOTE
    Found the following files/directories:
     'ansic_gram.c'
Flavors: r-devel-linux-x86_64-debian-clang, r-devel-linux-x86_64-debian-gcc, r-devel-linux-x86_64-fedora-clang, r-devel-linux-x86_64-fedora-gcc