CRAN Package Check Results for Package dplyr

Last updated on 2018-06-25 13:51:42 CEST.

Flavor Version Tinstall Tcheck Ttotal Status Flags
r-devel-linux-x86_64-debian-clang 0.7.5 341.69 115.22 456.91 WARN
r-devel-linux-x86_64-debian-gcc 0.7.5 276.54 100.41 376.95 WARN
r-devel-linux-x86_64-fedora-clang 0.7.5 637.03 WARN
r-devel-linux-x86_64-fedora-gcc 0.7.5 573.45 WARN
r-devel-windows-ix86+x86_64 0.7.5 755.00 241.00 996.00 WARN
r-patched-linux-x86_64 0.7.5 336.34 121.57 457.91 OK
r-patched-solaris-x86 0.7.5 541.50 NOTE
r-release-linux-x86_64 0.7.5 333.30 119.26 452.56 OK
r-release-windows-ix86+x86_64 0.7.5 799.00 249.00 1048.00 NOTE
r-release-osx-x86_64 0.7.5 NOTE
r-oldrel-windows-ix86+x86_64 0.7.5 571.00 217.00 788.00 NOTE
r-oldrel-osx-x86_64 0.7.5 NOTE

Additional issues

rchk

Check Details

Version: 0.7.5
Check: for unstated dependencies in ‘tests’
Result: WARN
    '::' or ':::' import not declared from: ‘MASS’
Flavors: r-devel-linux-x86_64-debian-clang, r-devel-linux-x86_64-debian-gcc, r-devel-linux-x86_64-fedora-clang, r-devel-linux-x86_64-fedora-gcc

Version: 0.7.5
Check: installed package size
Result: NOTE
     installed size is 26.7Mb
     sub-directories of 1Mb or more:
     libs 24.6Mb
Flavors: r-devel-linux-x86_64-fedora-clang, r-devel-windows-ix86+x86_64, r-release-windows-ix86+x86_64, r-release-osx-x86_64, r-oldrel-windows-ix86+x86_64, r-oldrel-osx-x86_64

Version: 0.7.5
Check: data for non-ASCII characters
Result: NOTE
     Note: found 4 marked UTF-8 strings
Flavors: r-devel-linux-x86_64-fedora-clang, r-devel-linux-x86_64-fedora-gcc, r-patched-solaris-x86, r-release-osx-x86_64, r-oldrel-osx-x86_64

Version: 0.7.5
Check: for unstated dependencies in ‘tests’
Result: WARN
    Warning: parse error in file 'testthat/utf-8.R':
    2:19: unexpected input
    1: # UTF-8 tests that can't be run on Windows CRAN
    2: df <- data.frame(ä¸
     ^
    '::' or ':::' import not declared from: 'MASS'
Flavor: r-devel-windows-ix86+x86_64