Last updated on 2022-06-26 22:50:23 CEST.
Flavor | Version | Tinstall | Tcheck | Ttotal | Status | Flags |
---|---|---|---|---|---|---|
r-devel-linux-x86_64-debian-clang | 1.0.9 | 22.79 | 292.91 | 315.70 | OK | |
r-devel-linux-x86_64-debian-gcc | 1.0.9 | 17.29 | 211.52 | 228.81 | OK | |
r-devel-linux-x86_64-fedora-clang | 1.0.9 | 360.87 | NOTE | |||
r-devel-linux-x86_64-fedora-gcc | 1.0.9 | 360.30 | NOTE | |||
r-devel-windows-x86_64 | 1.0.9 | 147.00 | 346.00 | 493.00 | OK | |
r-patched-linux-x86_64 | 1.0.9 | 23.49 | 273.99 | 297.48 | OK | |
r-release-linux-x86_64 | 1.0.9 | 19.80 | 269.80 | 289.60 | OK | |
r-release-macos-arm64 | 1.0.9 | 94.00 | NOTE | |||
r-release-macos-x86_64 | 1.0.9 | 143.00 | NOTE | |||
r-release-windows-x86_64 | 1.0.9 | 168.00 | 344.00 | 512.00 | OK | |
r-oldrel-macos-arm64 | 1.0.9 | 95.00 | NOTE | |||
r-oldrel-macos-x86_64 | 1.0.9 | 149.00 | NOTE | |||
r-oldrel-windows-ix86+x86_64 | 1.0.9 | 46.00 | 556.00 | 602.00 | OK |
Version: 1.0.9
Check: data for non-ASCII characters
Result: NOTE
Note: found 4 marked UTF-8 strings
Flavors: r-devel-linux-x86_64-fedora-clang, r-devel-linux-x86_64-fedora-gcc, r-release-macos-arm64, r-release-macos-x86_64, r-oldrel-macos-arm64, r-oldrel-macos-x86_64
Version: 1.0.9
Check: package dependencies
Result: NOTE
Package suggested but not available for checking: ‘RSQLite’
Flavor: r-release-macos-arm64