CRAN Package Check Results for Package dplyr

Last updated on 2017-08-17 00:56:14.

Flavor Version Tinstall Tcheck Ttotal Status Flags
r-devel-linux-x86_64-debian-clang 0.7.2 207.35 78.10 285.46 OK
r-devel-linux-x86_64-debian-gcc 0.7.2 222.13 75.25 297.38 OK
r-devel-linux-x86_64-fedora-clang 0.7.2 608.62 ERROR
r-devel-linux-x86_64-fedora-gcc 0.7.2 585.88 NOTE
r-devel-windows-ix86+x86_64 0.7.2 612.00 235.00 847.00 NOTE
r-patched-linux-x86_64 0.7.2 220.11 72.52 292.63 OK
r-patched-solaris-x86 0.7.2 523.10 NOTE
r-release-linux-x86_64 0.7.2 219.98 74.99 294.97 OK
r-release-windows-ix86+x86_64 0.7.2 619.00 221.00 840.00 NOTE
r-release-osx-x86_64 0.7.2 NOTE
r-oldrel-windows-ix86+x86_64 0.7.2 610.00 185.00 795.00 NOTE
r-oldrel-osx-x86_64 0.7.2 NOTE

Additional issues

clang-ASAN clang-UBSAN valgrind

Check Details

Version: 0.7.2
Check: installed package size
Result: NOTE
     installed size is 27.6Mb
     sub-directories of 1Mb or more:
     libs 25.7Mb
Flavors: r-devel-linux-x86_64-fedora-clang, r-devel-linux-x86_64-fedora-gcc, r-devel-windows-ix86+x86_64, r-release-windows-ix86+x86_64, r-release-osx-x86_64, r-oldrel-windows-ix86+x86_64, r-oldrel-osx-x86_64

Version: 0.7.2
Check: data for non-ASCII characters
Result: NOTE
     Note: found 4 marked UTF-8 strings
Flavors: r-devel-linux-x86_64-fedora-clang, r-devel-linux-x86_64-fedora-gcc, r-patched-solaris-x86, r-release-osx-x86_64, r-oldrel-osx-x86_64

Version: 0.7.2
Check: tests
Result: ERROR
     Running ‘testthat.R’ [38s/50s]
    Running the tests in ‘tests/testthat.R’ failed.
    Complete output:
     > library(testthat)
     > library(dplyr)
    
     Attaching package: 'dplyr'
    
     The following object is masked from 'package:testthat':
    
     matches
    
     The following objects are masked from 'package:stats':
    
     filter, lag
    
     The following objects are masked from 'package:base':
    
     intersect, setdiff, setequal, union
    
     >
     > test_check("dplyr")
     1. Failure: row_number(), ntile(), min_rank(), percent_rank(), dense_rank(), and cume_dist() work (@test-hybrid.R#413)
     with_hybrid_(expr, ...) not identical to `expected`.
     Component 1: Mean relative difference: 0.4285714
    
    
     2. Failure: window handlers supports quosured symbols (@test-hybrid.R#831) -----
     pull(mutate(mtcars, ntile(!(!quo(disp)), 2))) not identical to dplyr::ntile(mtcars$disp, 2).
     8/32 mismatches (average diff: 1)
     [1] 2 - 1 == 1
     [2] 2 - 1 == 1
     [13] 1 - 2 == -1
     [15] 1 - 2 == -1
     [17] 1 - 2 == -1
     [18] 2 - 1 == 1
     [24] 1 - 2 == -1
     [30] 2 - 1 == 1
    
    
     3. Failure: desc is correctly handled by window functions (@test-mutate-windowed.R#9)
     mutate(df, rank = row_number(desc(x)))$rank not equal to 10:1.
     10/10 mismatches (average diff: 3.8)
     [1] 3 - 10 == -7
     [2] 8 - 9 == -1
     [3] 2 - 8 == -6
     [4] 5 - 7 == -2
     [5] 9 - 6 == 3
     [6] 6 - 5 == 1
     [7] 1 - 4 == -3
     [8] 7 - 3 == 4
     [9] 4 - 2 == 2
     ...
    
    
     4. Failure: desc is correctly handled by window functions (@test-mutate-windowed.R#10)
     mutate(group_by(df, g), rank = row_number(desc(x)))$rank not equal to rep(5:1, 2).
     8/10 mismatches (average diff: 2.5)
     [1] 2 - 5 == -3
     [3] 1 - 3 == -2
     [4] 3 - 2 == 1
     [5] 5 - 1 == 4
     [6] 3 - 5 == -2
     [7] 1 - 4 == -3
     [8] 4 - 3 == 1
     [10] 5 - 1 == 4
    
    
     5. Failure: row_number gives correct results (@test-mutate-windowed.R#17) ------
     res$var not equal to c(2, 3, 4, 5, 1, 5, 4, 1, 2, 3).
     8/10 mismatches (average diff: 1.5)
     [1] 3 - 2 == 1
     [2] 4 - 3 == 1
     [3] 1 - 4 == -3
     [5] 2 - 1 == 1
     [7] 2 - 4 == -2
     [8] 3 - 1 == 2
     [9] 1 - 2 == -1
     [10] 4 - 3 == 1
    
    
     6. Failure: rank functions deal correctly with NA (#774) (@test-mutate-windowed.R#112)
     all(is.na(res$ntile[c(3, 6)])) isn't true.
    
    
     7. Failure: rank functions deal correctly with NA (#774) (@test-mutate-windowed.R#113)
     all(is.na(res$row_number[c(3, 6)])) isn't true.
    
    
     8. Failure: rank functions deal correctly with NA (#774) (@test-mutate-windowed.R#119)
     res$ntile[c(1, 2, 4, 5)] not equal to c(1L, 2L, 2L, 1L).
     1/4 mismatches
     [1] 2 - 1 == 1
    
    
     9. Failure: rank functions deal correctly with NA (#774) (@test-mutate-windowed.R#120)
     res$row_number[c(1, 2, 4, 5)] not equal to c(2L, 4L, 3L, 1L).
     4/4 mismatches (average diff: 1.75)
     [1] 4 - 2 == 2
     [2] 5 - 4 == 1
     [3] 6 - 3 == 3
     [4] 2 - 1 == 1
    
    
     10. Failure: rank functions deal correctly with NA (#774) (@test-mutate-windowed.R#140)
     all(is.na(res$ntile[c(3, 6, 9, 12)])) isn't true.
    
    
     11. Failure: rank functions deal correctly with NA (#774) (@test-mutate-windowed.R#141)
     all(is.na(res$row_number[c(3, 6, 9, 12)])) isn't true.
    
    
     12. Failure: rank functions deal correctly with NA (#774) (@test-mutate-windowed.R#147)
     res$ntile[c(1, 2, 4, 5, 7, 8, 10, 11)] not equal to rep(c(1L, 2L, 2L, 1L), 2).
     3/8 mismatches (average diff: 1)
     [1] 2 - 1 == 1
     [5] 2 - 1 == 1
     [7] 1 - 2 == -1
    
    
     13. Failure: rank functions deal correctly with NA (#774) (@test-mutate-windowed.R#148)
     res$row_number[c(1, 2, 4, 5, 7, 8, 10, 11)] not equal to rep(c(2L, 4L, 3L, 1L), 2).
     8/8 mismatches (average diff: 1.88)
     [1] 4 - 2 == 2
     [2] 5 - 4 == 1
     [3] 6 - 3 == 3
     [4] 2 - 1 == 1
     [5] 3 - 2 == 1
     [6] 2 - 4 == -2
     [7] 5 - 3 == 2
     [8] 4 - 1 == 3
    
    
     testthat results ================================================================
     OK: 2860 SKIPPED: 4 FAILED: 13
     1. Failure: row_number(), ntile(), min_rank(), percent_rank(), dense_rank(), and cume_dist() work (@test-hybrid.R#413)
     2. Failure: window handlers supports quosured symbols (@test-hybrid.R#831)
     3. Failure: desc is correctly handled by window functions (@test-mutate-windowed.R#9)
     4. Failure: desc is correctly handled by window functions (@test-mutate-windowed.R#10)
     5. Failure: row_number gives correct results (@test-mutate-windowed.R#17)
     6. Failure: rank functions deal correctly with NA (#774) (@test-mutate-windowed.R#112)
     7. Failure: rank functions deal correctly with NA (#774) (@test-mutate-windowed.R#113)
     8. Failure: rank functions deal correctly with NA (#774) (@test-mutate-windowed.R#119)
     9. Failure: rank functions deal correctly with NA (#774) (@test-mutate-windowed.R#120)
     1. ...
    
     Error: testthat unit tests failed
     Execution halted
Flavor: r-devel-linux-x86_64-fedora-clang

Version: 0.7.2
Check: package dependencies
Result: NOTE
    Packages suggested but not available for checking:
     ‘microbenchmark’ ‘RMySQL’
Flavor: r-patched-solaris-x86

Version: 0.7.2
Check: Rd cross-references
Result: NOTE
    Packages unavailable to check Rd xrefs: ‘microbenchmark’, ‘RMySQL’
Flavor: r-patched-solaris-x86