CRAN Package Check Results for Package dplyr

Last updated on 2017-06-28 20:48:27.

Flavor Version Tinstall Tcheck Ttotal Status Flags
r-devel-linux-x86_64-debian-clang 0.7.1 208.58 78.62 287.20 OK
r-devel-linux-x86_64-debian-gcc 0.7.1 220.66 79.18 299.84 OK
r-devel-linux-x86_64-fedora-clang 0.7.1 605.28 NOTE
r-devel-linux-x86_64-fedora-gcc 0.7.1 565.19 NOTE
r-devel-windows-ix86+x86_64 0.7.1 615.00 224.00 839.00 NOTE
r-patched-linux-x86_64 0.7.1 217.99 73.19 291.19 OK
r-patched-solaris-sparc 0.7.0 2509.30 ERROR --no-vignettes
r-patched-solaris-x86 0.7.1 527.60 NOTE
r-release-linux-x86_64 0.7.1 220.86 72.20 293.06 OK
r-release-windows-ix86+x86_64 0.7.1 578.00 211.00 789.00 NOTE
r-release-osx-x86_64 0.7.0 ERROR
r-oldrel-windows-ix86+x86_64 0.7.1 765.00 239.00 1004.00 NOTE
r-oldrel-osx-x86_64 0.7.1 NOTE

Additional issues

valgrind

Check Details

Version: 0.7.1
Check: installed package size
Result: NOTE
     installed size is 26.2Mb
     sub-directories of 1Mb or more:
     libs 24.3Mb
Flavors: r-devel-linux-x86_64-fedora-clang, r-devel-linux-x86_64-fedora-gcc, r-devel-windows-ix86+x86_64, r-release-windows-ix86+x86_64, r-oldrel-windows-ix86+x86_64, r-oldrel-osx-x86_64

Version: 0.7.1
Check: data for non-ASCII characters
Result: NOTE
     Note: found 4 marked UTF-8 strings
Flavors: r-devel-linux-x86_64-fedora-clang, r-devel-linux-x86_64-fedora-gcc, r-patched-solaris-x86, r-oldrel-osx-x86_64

Version: 0.7.0
Flags: --no-vignettes
Check: package dependencies
Result: NOTE
    Packages suggested but not available for checking:
     ‘microbenchmark’ ‘RMySQL’
Flavor: r-patched-solaris-sparc

Version: 0.7.0
Flags: --no-vignettes
Check: installed package size
Result: NOTE
     installed size is 5.1Mb
     sub-directories of 1Mb or more:
     libs 3.1Mb
Flavor: r-patched-solaris-sparc

Version: 0.7.0
Flags: --no-vignettes
Check: dependencies in R code
Result: NOTE
    Namespaces in Imports field not imported from:
     ‘bindrcpp’ ‘pkgconfig’
     All declared Imports should be used.
Flavor: r-patched-solaris-sparc

Version: 0.7.0
Flags: --no-vignettes
Check: Rd cross-references
Result: NOTE
    Packages unavailable to check Rd xrefs: ‘microbenchmark’, ‘RMySQL’
Flavor: r-patched-solaris-sparc

Version: 0.7.0
Flags: --no-vignettes
Check: data for non-ASCII characters
Result: NOTE
     Note: found 4 marked UTF-8 strings
Flavor: r-patched-solaris-sparc

Version: 0.7.0
Flags: --no-vignettes
Check: tests
Result: ERROR
     Running ‘testthat.R’ [163s/163s]
    Running the tests in ‘tests/testthat.R’ failed.
    Complete output:
     > library(testthat)
     > library(dplyr)
    
     Attaching package: 'dplyr'
    
     The following object is masked from 'package:testthat':
    
     matches
    
     The following objects are masked from 'package:stats':
    
     filter, lag
    
     The following objects are masked from 'package:base':
    
     intersect, setdiff, setequal, union
    
     >
     > test_check("dplyr")
     1. Failure: returns NA if any argument is NA (@test-between.R#4) ---------------
     between(1, 1, NA) not equal to NA.
     'is.NA' value mismatch: 1 in current 0 in target
    
    
     2. Failure: returns NA if any argument is NA (@test-between.R#5) ---------------
     between(1, NA, 1) not equal to NA.
     'is.NA' value mismatch: 1 in current 0 in target
    
    
     3. Failure: returns NA if any argument is NA (@test-between.R#6) ---------------
     between(NA, 1, 1) not equal to NA.
     'is.NA' value mismatch: 1 in current 0 in target
    
    
     testthat results ================================================================
     OK: 2633 SKIPPED: 6 FAILED: 3
     1. Failure: returns NA if any argument is NA (@test-between.R#4)
     2. Failure: returns NA if any argument is NA (@test-between.R#5)
     3. Failure: returns NA if any argument is NA (@test-between.R#6)
    
     Error: testthat unit tests failed
     Execution halted
Flavor: r-patched-solaris-sparc

Version: 0.7.1
Check: package dependencies
Result: NOTE
    Packages suggested but not available for checking:
     ‘microbenchmark’ ‘RMySQL’
Flavor: r-patched-solaris-x86

Version: 0.7.1
Check: Rd cross-references
Result: NOTE
    Packages unavailable to check Rd xrefs: ‘microbenchmark’, ‘RMySQL’
Flavor: r-patched-solaris-x86

Version: 0.7.0
Check: package dependencies
Result: NOTE
    Packages suggested but not available for checking: ‘dbplyr’ ‘RPostgreSQL’
Flavor: r-release-osx-x86_64

Version: 0.7.0
Check: installed package size
Result: NOTE
     installed size is 16.3Mb
     sub-directories of 1Mb or more:
     libs 14.5Mb
Flavor: r-release-osx-x86_64

Version: 0.7.0
Check: dependencies in R code
Result: NOTE
    Namespaces in Imports field not imported from:
     ‘bindrcpp’ ‘pkgconfig’
     All declared Imports should be used.
Flavor: r-release-osx-x86_64

Version: 0.7.0
Check: Rd cross-references
Result: NOTE
    Packages unavailable to check Rd xrefs: ‘dbplyr’, ‘RPostgreSQL’
Flavor: r-release-osx-x86_64

Version: 0.7.0
Check: data for non-ASCII characters
Result: NOTE
     Note: found 4 marked UTF-8 strings
Flavor: r-release-osx-x86_64

Version: 0.7.0
Check: tests
Result: ERROR
     Running ‘testthat.R’ [17s/17s]
    Running the tests in ‘tests/testthat.R’ failed.
    Last 13 lines of output:
    
    
     testthat results ================================================================
     OK: 2623 SKIPPED: 9 FAILED: 8
     1. Failure: row_number(), ntile(), min_rank(), percent_rank(), dense_rank(), and cume_dist() work (@test-hybrid.R#413)
     2. Failure: desc is correctly handled by window functions (@test-mutate-windowed.R#9)
     3. Failure: desc is correctly handled by window functions (@test-mutate-windowed.R#10)
     4. Failure: row_number gives correct results (@test-mutate-windowed.R#17)
     5. Failure: rank functions deal correctly with NA (#774) (@test-mutate-windowed.R#113)
     6. Failure: rank functions deal correctly with NA (#774) (@test-mutate-windowed.R#120)
     7. Failure: rank functions deal correctly with NA (#774) (@test-mutate-windowed.R#141)
     8. Failure: rank functions deal correctly with NA (#774) (@test-mutate-windowed.R#148)
    
     Error: testthat unit tests failed
     Execution halted
Flavor: r-release-osx-x86_64