CRAN Package Check Results for Package dplyr

Last updated on 2017-03-29 09:47:28.

Flavor Version Tinstall Tcheck Ttotal Status Flags
r-devel-linux-x86_64-debian-clang 0.5.0 146.71 75.47 222.18 NOTE
r-devel-linux-x86_64-debian-gcc 0.5.0 150.97 73.11 224.08 NOTE
r-devel-linux-x86_64-fedora-clang 0.5.0 454.63 NOTE --no-stop-on-test-error
r-devel-linux-x86_64-fedora-gcc 0.5.0 430.42 NOTE --no-stop-on-test-error
r-devel-macos-x86_64-clang 0.5.0 289.69 NOTE --no-stop-on-test-error
r-devel-windows-ix86+x86_64 0.5.0 408.00 185.00 593.00 NOTE
r-patched-linux-x86_64 0.5.0 131.43 76.59 208.02 NOTE
r-patched-solaris-sparc 0.5.0 1823.20 NOTE --no-vignettes
r-patched-solaris-x86 0.5.0 445.70 NOTE
r-release-linux-x86_64 0.5.0 132.12 68.22 200.34 OK
r-release-osx-x86_64-mavericks 0.5.0 WARN
r-release-windows-ix86+x86_64 0.5.0 559.00 248.00 807.00 NOTE
r-oldrel-windows-ix86+x86_64 0.5.0 400.00 187.00 587.00 NOTE

Memtest notes: valgrind

Check Details

Version: 0.5.0
Check: compiled code
Result: NOTE
    File ‘dplyr/libs/dplyr.so’:
     Found no calls to: ‘R_registerRoutines’, ‘R_useDynamicSymbols’
    
    It is good practice to register native routines and to disable symbol
    search.
    
    See ‘Writing portable packages’ in the ‘Writing R Extensions’ manual.
Flavors: r-devel-linux-x86_64-debian-clang, r-devel-linux-x86_64-debian-gcc, r-patched-linux-x86_64

Version: 0.5.0
Flags: --no-stop-on-test-error
Check: installed package size
Result: NOTE
     installed size is 19.1Mb
     sub-directories of 1Mb or more:
     libs 17.2Mb
Flavors: r-devel-linux-x86_64-fedora-clang, r-devel-linux-x86_64-fedora-gcc

Version: 0.5.0
Flags: --no-stop-on-test-error
Check: compiled code
Result: NOTE
    File ‘dplyr/libs/dplyr.so’:
     Found no calls to: ‘R_registerRoutines’, ‘R_useDynamicSymbols’
    
    It is good practice to register native routines and to disable symbol
    search.
    
    See ‘Writing portable packages’ in the ‘Writing R Extensions’ manual.
Flavors: r-devel-linux-x86_64-fedora-clang, r-devel-linux-x86_64-fedora-gcc, r-devel-macos-x86_64-clang

Version: 0.5.0
Check: installed package size
Result: NOTE
     installed size is 6.2Mb
     sub-directories of 1Mb or more:
     libs 4.4Mb
Flavors: r-devel-windows-ix86+x86_64, r-release-osx-x86_64-mavericks, r-release-windows-ix86+x86_64, r-oldrel-windows-ix86+x86_64

Version: 0.5.0
Flags: --no-vignettes
Check: package dependencies
Result: NOTE
    Packages suggested but not available for checking:
     ‘RMySQL’ ‘microbenchmark’
Flavor: r-patched-solaris-sparc

Version: 0.5.0
Flags: --no-vignettes
Check: Rd cross-references
Result: NOTE
    Packages unavailable to check Rd xrefs: ‘microbenchmark’, ‘RMySQL’
Flavor: r-patched-solaris-sparc

Version: 0.5.0
Check: package dependencies
Result: NOTE
    Packages suggested but not available for checking:
     ‘RMySQL’ ‘microbenchmark’
Flavor: r-patched-solaris-x86

Version: 0.5.0
Check: Rd cross-references
Result: NOTE
    Packages unavailable to check Rd xrefs: ‘microbenchmark’, ‘RMySQL’
Flavor: r-patched-solaris-x86

Version: 0.5.0
Check: package dependencies
Result: NOTE
    Package suggested but not available for checking: ‘dtplyr’
Flavor: r-release-osx-x86_64-mavericks

Version: 0.5.0
Check: dependencies in R code
Result: NOTE
    Missing or unexported object: ‘RSQLite::rsqliteVersion’
Flavor: r-release-osx-x86_64-mavericks

Version: 0.5.0
Check: Rd cross-references
Result: WARN
    Unknown package ‘dtplyr’ in Rd xrefs
Flavor: r-release-osx-x86_64-mavericks