CRAN Package Check Results for Package dplyr

Last updated on 2019-09-17 10:48:17 CEST.

Flavor Version Tinstall Tcheck Ttotal Status Flags
r-devel-linux-x86_64-debian-clang 0.8.3 268.62 132.79 401.41 OK
r-devel-linux-x86_64-debian-gcc 0.8.3 OK
r-devel-linux-x86_64-fedora-clang 0.8.3 511.60 NOTE
r-devel-linux-x86_64-fedora-gcc 0.8.3 594.87 NOTE
r-devel-windows-ix86+x86_64 0.8.3 656.00 317.00 973.00 NOTE
r-patched-linux-x86_64 0.8.3 260.73 128.82 389.55 OK
r-patched-solaris-x86 0.8.3 555.00 NOTE
r-release-linux-x86_64 0.8.3 251.95 129.77 381.72 OK
r-release-windows-ix86+x86_64 0.8.3 3.00 5.00 8.00 NOTE
r-release-osx-x86_64 0.8.3 NOTE
r-oldrel-windows-ix86+x86_64 0.8.3 661.00 230.00 891.00 NOTE
r-oldrel-osx-x86_64 0.8.3 NOTE

Check Details

Version: 0.8.3
Check: installed package size
Result: NOTE
     installed size is 29.7Mb
     sub-directories of 1Mb or more:
     libs 27.4Mb
Flavors: r-devel-linux-x86_64-fedora-clang, r-devel-windows-ix86+x86_64, r-patched-solaris-x86, r-release-windows-ix86+x86_64, r-release-osx-x86_64, r-oldrel-windows-ix86+x86_64, r-oldrel-osx-x86_64

Version: 0.8.3
Check: data for non-ASCII characters
Result: NOTE
     Note: found 4 marked UTF-8 strings
Flavors: r-devel-linux-x86_64-fedora-clang, r-devel-linux-x86_64-fedora-gcc, r-patched-solaris-x86, r-release-osx-x86_64, r-oldrel-osx-x86_64