CRAN Package Check Results for Package dplyr

Last updated on 2021-06-19 04:53:44 CEST.

Flavor Version Tinstall Tcheck Ttotal Status Flags
r-devel-linux-x86_64-debian-clang 1.0.6 22.39 201.18 223.57 OK
r-devel-linux-x86_64-debian-gcc 1.0.6 13.57 148.27 161.84 OK
r-devel-linux-x86_64-fedora-clang 1.0.6 280.01 NOTE
r-devel-linux-x86_64-fedora-gcc 1.0.7 268.47 NOTE
r-devel-windows-x86_64 1.0.7 31.00 243.00 274.00 OK
r-devel-windows-x86_64-gcc10-UCRT 1.0.6 NOTE
r-patched-linux-x86_64 1.0.6 22.72 189.63 212.35 OK
r-patched-solaris-x86 1.0.6 312.20 NOTE
r-release-linux-x86_64 1.0.6 16.32 188.27 204.59 OK
r-release-macos-arm64 1.0.6 NOTE
r-release-macos-x86_64 1.0.6 NOTE
r-release-windows-ix86+x86_64 1.0.6 43.00 332.00 375.00 OK
r-oldrel-macos-x86_64 1.0.6 NOTE
r-oldrel-windows-ix86+x86_64 1.0.6 34.00 259.00 293.00 OK

Check Details

Version: 1.0.6
Check: data for non-ASCII characters
Result: NOTE
     Note: found 4 marked UTF-8 strings
Flavors: r-devel-linux-x86_64-fedora-clang, r-devel-windows-x86_64-gcc10-UCRT, r-patched-solaris-x86, r-release-macos-arm64, r-release-macos-x86_64, r-oldrel-macos-x86_64

Version: 1.0.7
Check: data for non-ASCII characters
Result: NOTE
     Note: found 4 marked UTF-8 strings
Flavor: r-devel-linux-x86_64-fedora-gcc