CRAN Package Check Results for Package dplyr

Last updated on 2022-11-27 12:55:15 CET.

Flavor Version Tinstall Tcheck Ttotal Status Flags
r-devel-linux-x86_64-debian-clang 1.0.10 23.36 334.89 358.25 OK
r-devel-linux-x86_64-debian-gcc 1.0.10 17.71 247.09 264.80 OK
r-devel-linux-x86_64-fedora-clang 1.0.10 463.26 NOTE
r-devel-linux-x86_64-fedora-gcc 1.0.10 465.73 NOTE
r-devel-windows-x86_64 1.0.10 169.00 403.00 572.00 OK
r-patched-linux-x86_64 1.0.10 26.62 310.02 336.64 OK
r-release-linux-x86_64 1.0.10 21.32 292.95 314.27 OK
r-release-macos-arm64 1.0.10 114.00 NOTE
r-release-macos-x86_64 1.0.10 140.00 NOTE
r-release-windows-x86_64 1.0.10 158.00 389.00 547.00 OK
r-oldrel-macos-arm64 1.0.10 119.00 NOTE
r-oldrel-macos-x86_64 1.0.10 147.00 NOTE
r-oldrel-windows-ix86+x86_64 1.0.10 46.00 623.00 669.00 OK

Check Details

Version: 1.0.10
Check: data for non-ASCII characters
Result: NOTE
     Note: found 4 marked UTF-8 strings
Flavors: r-devel-linux-x86_64-fedora-clang, r-devel-linux-x86_64-fedora-gcc, r-release-macos-arm64, r-release-macos-x86_64, r-oldrel-macos-arm64, r-oldrel-macos-x86_64