CRAN Package Check Results for Package dplyr

Last updated on 2018-04-22 23:50:06 CEST.

Flavor Version Tinstall Tcheck Ttotal Status Flags
r-devel-linux-x86_64-debian-clang 0.7.4 333.63 106.31 439.94 ERROR
r-devel-linux-x86_64-debian-gcc 0.7.4 279.30 87.71 367.01 ERROR
r-devel-linux-x86_64-fedora-clang 0.7.4 626.24 ERROR
r-devel-linux-x86_64-fedora-gcc 0.7.4 561.51 ERROR
r-devel-windows-ix86+x86_64 0.7.4 797.00 208.00 1005.00 ERROR
r-devel-osx-x86_64 0.7.4 ERROR
r-patched-linux-x86_64 0.7.4 345.85 113.59 459.44 ERROR
r-patched-solaris-x86 0.7.4 547.10 ERROR
r-release-linux-x86_64 0.7.4 327.14 121.25 448.39 ERROR
r-release-windows-ix86+x86_64 0.7.4 572.00 202.00 774.00 ERROR
r-release-osx-x86_64 0.7.4 NOTE
r-oldrel-windows-ix86+x86_64 0.7.4 588.00 185.00 773.00 ERROR

Additional issues

clang-UBSAN valgrind

Check Details

Version: 0.7.4
Check: tests
Result: ERROR
     Running ‘testthat.R’ [14s/14s]
    Running the tests in ‘tests/testthat.R’ failed.
    Complete output:
     > library(testthat)
     > library(dplyr)
    
     Attaching package: 'dplyr'
    
     The following object is masked from 'package:testthat':
    
     matches
    
     The following objects are masked from 'package:stats':
    
     filter, lag
    
     The following objects are masked from 'package:base':
    
     intersect, setdiff, setequal, union
    
     >
     > test_check("dplyr")
     ── 1. Error: mutate() supports unquoted values (@test-mutate.r#721) ───────────
     Column `out` must be length 2 (the group size) or one, not 5
     1: expect_identical(mutate(gdf, out = !!1:5), group_by(mutate(df, out = 1:5), g)) at testthat/test-mutate.r:721
     2: quasi_label(enquo(object), label)
     3: eval_bare(get_expr(quo), get_env(quo))
     4: mutate(gdf, out = 1:5)
     5: mutate.tbl_df(gdf, out = 1:5)
     6: mutate_impl(.data, dots)
    
     ── 2. Failure: summarise() supports unquoted values (@test-summarise.r#980) ───
     `summarise(df, out = 1:2)` threw an error with unexpected message.
     Expected match: "must be length 1 (the number of groups)"
     Actual message: "Column `out` must be length 1 (a summary value), not 2"
    
     ── 3. Error: summarise() supports unquoted values (@test-summarise.r#985) ─────
     Column `out` must be length 1 (a summary value), not 2
     1: expect_identical(summarise(gdf, out = !!1:2), tibble(g = c(1, 2), out = 1:2)) at testthat/test-summarise.r:985
     2: quasi_label(enquo(object), label)
     3: eval_bare(get_expr(quo), get_env(quo))
     4: summarise(gdf, out = 1:2)
     5: summarise.tbl_df(gdf, out = 1:2)
     6: summarise_impl(.data, dots)
    
     ══ testthat results ═══════════════════════════════════════════════════════════
     OK: 2883 SKIPPED: 3 FAILED: 3
     1. Error: mutate() supports unquoted values (@test-mutate.r#721)
     2. Failure: summarise() supports unquoted values (@test-summarise.r#980)
     3. Error: summarise() supports unquoted values (@test-summarise.r#985)
    
     Error: testthat unit tests failed
     In addition: Warning message:
     call dbDisconnect() when finished working with a connection
     Execution halted
Flavor: r-devel-linux-x86_64-debian-clang

Version: 0.7.4
Check: tests
Result: ERROR
     Running ‘testthat.R’ [11s/17s]
    Running the tests in ‘tests/testthat.R’ failed.
    Complete output:
     > library(testthat)
     > library(dplyr)
    
     Attaching package: 'dplyr'
    
     The following object is masked from 'package:testthat':
    
     matches
    
     The following objects are masked from 'package:stats':
    
     filter, lag
    
     The following objects are masked from 'package:base':
    
     intersect, setdiff, setequal, union
    
     >
     > test_check("dplyr")
     ── 1. Error: mutate() supports unquoted values (@test-mutate.r#721) ───────────
     Column `out` must be length 2 (the group size) or one, not 5
     1: expect_identical(mutate(gdf, out = !!1:5), group_by(mutate(df, out = 1:5), g)) at testthat/test-mutate.r:721
     2: quasi_label(enquo(object), label)
     3: eval_bare(get_expr(quo), get_env(quo))
     4: mutate(gdf, out = 1:5)
     5: mutate.tbl_df(gdf, out = 1:5)
     6: mutate_impl(.data, dots)
    
     ── 2. Failure: summarise() supports unquoted values (@test-summarise.r#980) ───
     `summarise(df, out = 1:2)` threw an error with unexpected message.
     Expected match: "must be length 1 (the number of groups)"
     Actual message: "Column `out` must be length 1 (a summary value), not 2"
    
     ── 3. Error: summarise() supports unquoted values (@test-summarise.r#985) ─────
     Column `out` must be length 1 (a summary value), not 2
     1: expect_identical(summarise(gdf, out = !!1:2), tibble(g = c(1, 2), out = 1:2)) at testthat/test-summarise.r:985
     2: quasi_label(enquo(object), label)
     3: eval_bare(get_expr(quo), get_env(quo))
     4: summarise(gdf, out = 1:2)
     5: summarise.tbl_df(gdf, out = 1:2)
     6: summarise_impl(.data, dots)
    
     ══ testthat results ═══════════════════════════════════════════════════════════
     OK: 2883 SKIPPED: 3 FAILED: 3
     1. Error: mutate() supports unquoted values (@test-mutate.r#721)
     2. Failure: summarise() supports unquoted values (@test-summarise.r#980)
     3. Error: summarise() supports unquoted values (@test-summarise.r#985)
    
     Error: testthat unit tests failed
     In addition: Warning message:
     call dbDisconnect() when finished working with a connection
     Execution halted
Flavor: r-devel-linux-x86_64-debian-gcc

Version: 0.7.4
Check: installed package size
Result: NOTE
     installed size is 28.6Mb
     sub-directories of 1Mb or more:
     libs 26.5Mb
Flavors: r-devel-linux-x86_64-fedora-clang, r-devel-linux-x86_64-fedora-gcc, r-devel-windows-ix86+x86_64, r-devel-osx-x86_64, r-patched-solaris-x86, r-release-windows-ix86+x86_64, r-release-osx-x86_64, r-oldrel-windows-ix86+x86_64

Version: 0.7.4
Check: data for non-ASCII characters
Result: NOTE
     Note: found 4 marked UTF-8 strings
Flavors: r-devel-linux-x86_64-fedora-clang, r-devel-linux-x86_64-fedora-gcc, r-devel-osx-x86_64, r-patched-solaris-x86, r-release-osx-x86_64

Version: 0.7.4
Check: tests
Result: ERROR
     Running ‘testthat.R’ [18s/22s]
    Running the tests in ‘tests/testthat.R’ failed.
    Complete output:
     > library(testthat)
     > library(dplyr)
    
     Attaching package: 'dplyr'
    
     The following object is masked from 'package:testthat':
    
     matches
    
     The following objects are masked from 'package:stats':
    
     filter, lag
    
     The following objects are masked from 'package:base':
    
     intersect, setdiff, setequal, union
    
     >
     > test_check("dplyr")
     ── 1. Error: mutate() supports unquoted values (@test-mutate.r#721) ───────────
     Column `out` must be length 2 (the group size) or one, not 5
     1: expect_identical(mutate(gdf, out = !!1:5), group_by(mutate(df, out = 1:5), g)) at testthat/test-mutate.r:721
     2: quasi_label(enquo(object), label)
     3: eval_bare(get_expr(quo), get_env(quo))
     4: mutate(gdf, out = 1:5)
     5: mutate.tbl_df(gdf, out = 1:5)
     6: mutate_impl(.data, dots)
    
     ── 2. Failure: summarise() supports unquoted values (@test-summarise.r#980) ───
     `summarise(df, out = 1:2)` threw an error with unexpected message.
     Expected match: "must be length 1 (the number of groups)"
     Actual message: "Column `out` must be length 1 (a summary value), not 2"
    
     ── 3. Error: summarise() supports unquoted values (@test-summarise.r#985) ─────
     Column `out` must be length 1 (a summary value), not 2
     1: expect_identical(summarise(gdf, out = !!1:2), tibble(g = c(1, 2), out = 1:2)) at testthat/test-summarise.r:985
     2: quasi_label(enquo(object), label)
     3: eval_bare(get_expr(quo), get_env(quo))
     4: summarise(gdf, out = 1:2)
     5: summarise.tbl_df(gdf, out = 1:2)
     6: summarise_impl(.data, dots)
    
     ══ testthat results ═══════════════════════════════════════════════════════════
     OK: 2883 SKIPPED: 3 FAILED: 3
     1. Error: mutate() supports unquoted values (@test-mutate.r#721)
     2. Failure: summarise() supports unquoted values (@test-summarise.r#980)
     3. Error: summarise() supports unquoted values (@test-summarise.r#985)
    
     Error: testthat unit tests failed
     In addition: Warning message:
     call dbDisconnect() when finished working with a connection
     Execution halted
Flavor: r-devel-linux-x86_64-fedora-clang

Version: 0.7.4
Check: tests
Result: ERROR
     Running ‘testthat.R’ [18s/19s]
    Running the tests in ‘tests/testthat.R’ failed.
    Complete output:
     > library(testthat)
     > library(dplyr)
    
     Attaching package: 'dplyr'
    
     The following object is masked from 'package:testthat':
    
     matches
    
     The following objects are masked from 'package:stats':
    
     filter, lag
    
     The following objects are masked from 'package:base':
    
     intersect, setdiff, setequal, union
    
     >
     > test_check("dplyr")
     ── 1. Error: mutate() supports unquoted values (@test-mutate.r#721) ───────────
     Column `out` must be length 2 (the group size) or one, not 5
     1: expect_identical(mutate(gdf, out = !!1:5), group_by(mutate(df, out = 1:5), g)) at testthat/test-mutate.r:721
     2: quasi_label(enquo(object), label)
     3: eval_bare(get_expr(quo), get_env(quo))
     4: mutate(gdf, out = 1:5)
     5: mutate.tbl_df(gdf, out = 1:5)
     6: mutate_impl(.data, dots)
    
     ── 2. Failure: summarise() supports unquoted values (@test-summarise.r#980) ───
     `summarise(df, out = 1:2)` threw an error with unexpected message.
     Expected match: "must be length 1 (the number of groups)"
     Actual message: "Column `out` must be length 1 (a summary value), not 2"
    
     ── 3. Error: summarise() supports unquoted values (@test-summarise.r#985) ─────
     Column `out` must be length 1 (a summary value), not 2
     1: expect_identical(summarise(gdf, out = !!1:2), tibble(g = c(1, 2), out = 1:2)) at testthat/test-summarise.r:985
     2: quasi_label(enquo(object), label)
     3: eval_bare(get_expr(quo), get_env(quo))
     4: summarise(gdf, out = 1:2)
     5: summarise.tbl_df(gdf, out = 1:2)
     6: summarise_impl(.data, dots)
    
     ══ testthat results ═══════════════════════════════════════════════════════════
     OK: 2883 SKIPPED: 3 FAILED: 3
     1. Error: mutate() supports unquoted values (@test-mutate.r#721)
     2. Failure: summarise() supports unquoted values (@test-summarise.r#980)
     3. Error: summarise() supports unquoted values (@test-summarise.r#985)
    
     Error: testthat unit tests failed
     In addition: Warning message:
     call dbDisconnect() when finished working with a connection
     Execution halted
Flavor: r-devel-linux-x86_64-fedora-gcc

Version: 0.7.4
Check: running tests for arch ‘i386’
Result: ERROR
     Running 'testthat.R' [13s]
    Running the tests in 'tests/testthat.R' failed.
    Complete output:
     > library(testthat)
     > library(dplyr)
    
     Attaching package: 'dplyr'
    
     The following object is masked from 'package:testthat':
    
     matches
    
     The following objects are masked from 'package:stats':
    
     filter, lag
    
     The following objects are masked from 'package:base':
    
     intersect, setdiff, setequal, union
    
     >
     > test_check("dplyr")
     -- 1. Error: mutate() supports unquoted values (@test-mutate.r#721) -----------
     Column `out` must be length 2 (the group size) or one, not 5
     1: expect_identical(mutate(gdf, out = !!1:5), group_by(mutate(df, out = 1:5), g)) at testthat/test-mutate.r:721
     2: quasi_label(enquo(object), label)
     3: eval_bare(get_expr(quo), get_env(quo))
     4: mutate(gdf, out = 1:5)
     5: mutate.tbl_df(gdf, out = 1:5)
     6: mutate_impl(.data, dots)
    
     -- 2. Failure: summarise() supports unquoted values (@test-summarise.r#980) ---
     `summarise(df, out = 1:2)` threw an error with unexpected message.
     Expected match: "must be length 1 (the number of groups)"
     Actual message: "Column `out` must be length 1 (a summary value), not 2"
    
     -- 3. Error: summarise() supports unquoted values (@test-summarise.r#985) -----
     Column `out` must be length 1 (a summary value), not 2
     1: expect_identical(summarise(gdf, out = !!1:2), tibble(g = c(1, 2), out = 1:2)) at testthat/test-summarise.r:985
     2: quasi_label(enquo(object), label)
     3: eval_bare(get_expr(quo), get_env(quo))
     4: summarise(gdf, out = 1:2)
     5: summarise.tbl_df(gdf, out = 1:2)
     6: summarise_impl(.data, dots)
    
     == testthat results ===========================================================
     OK: 2875 SKIPPED: 6 FAILED: 3
     1. Error: mutate() supports unquoted values (@test-mutate.r#721)
     2. Failure: summarise() supports unquoted values (@test-summarise.r#980)
     3. Error: summarise() supports unquoted values (@test-summarise.r#985)
    
     Error: testthat unit tests failed
     In addition: Warning message:
     call dbDisconnect() when finished working with a connection
     Execution halted
Flavor: r-devel-windows-ix86+x86_64

Version: 0.7.4
Check: running tests for arch ‘x64’
Result: ERROR
     Running 'testthat.R' [15s]
    Running the tests in 'tests/testthat.R' failed.
    Complete output:
     > library(testthat)
     > library(dplyr)
    
     Attaching package: 'dplyr'
    
     The following object is masked from 'package:testthat':
    
     matches
    
     The following objects are masked from 'package:stats':
    
     filter, lag
    
     The following objects are masked from 'package:base':
    
     intersect, setdiff, setequal, union
    
     >
     > test_check("dplyr")
     -- 1. Error: mutate() supports unquoted values (@test-mutate.r#721) -----------
     Column `out` must be length 2 (the group size) or one, not 5
     1: expect_identical(mutate(gdf, out = !!1:5), group_by(mutate(df, out = 1:5), g)) at testthat/test-mutate.r:721
     2: quasi_label(enquo(object), label)
     3: eval_bare(get_expr(quo), get_env(quo))
     4: mutate(gdf, out = 1:5)
     5: mutate.tbl_df(gdf, out = 1:5)
     6: mutate_impl(.data, dots)
    
     -- 2. Failure: summarise() supports unquoted values (@test-summarise.r#980) ---
     `summarise(df, out = 1:2)` threw an error with unexpected message.
     Expected match: "must be length 1 (the number of groups)"
     Actual message: "Column `out` must be length 1 (a summary value), not 2"
    
     -- 3. Error: summarise() supports unquoted values (@test-summarise.r#985) -----
     Column `out` must be length 1 (a summary value), not 2
     1: expect_identical(summarise(gdf, out = !!1:2), tibble(g = c(1, 2), out = 1:2)) at testthat/test-summarise.r:985
     2: quasi_label(enquo(object), label)
     3: eval_bare(get_expr(quo), get_env(quo))
     4: summarise(gdf, out = 1:2)
     5: summarise.tbl_df(gdf, out = 1:2)
     6: summarise_impl(.data, dots)
    
     == testthat results ===========================================================
     OK: 2875 SKIPPED: 6 FAILED: 3
     1. Error: mutate() supports unquoted values (@test-mutate.r#721)
     2. Failure: summarise() supports unquoted values (@test-summarise.r#980)
     3. Error: summarise() supports unquoted values (@test-summarise.r#985)
    
     Error: testthat unit tests failed
     In addition: Warning message:
     call dbDisconnect() when finished working with a connection
     Execution halted
Flavor: r-devel-windows-ix86+x86_64

Version: 0.7.4
Check: tests
Result: ERROR
     Running ‘testthat.R’ [15s/32s]
    Running the tests in ‘tests/testthat.R’ failed.
    Last 13 lines of output:
     3: eval_bare(get_expr(quo), get_env(quo))
     4: summarise(gdf, out = 1:2)
     5: summarise.tbl_df(gdf, out = 1:2)
     6: summarise_impl(.data, dots)
    
     ══ testthat results ═══════════════════════════════════════════════════════════
     OK: 2670 SKIPPED: 6 FAILED: 3
     1. Error: mutate() supports unquoted values (@test-mutate.r#721)
     2. Failure: summarise() supports unquoted values (@test-summarise.r#980)
     3. Error: summarise() supports unquoted values (@test-summarise.r#985)
    
     Error: testthat unit tests failed
     In addition: Warning message:
     call dbDisconnect() when finished working with a connection
     Execution halted
Flavor: r-devel-osx-x86_64

Version: 0.7.4
Check: tests
Result: ERROR
     Running ‘testthat.R’ [15s/18s]
    Running the tests in ‘tests/testthat.R’ failed.
    Complete output:
     > library(testthat)
     > library(dplyr)
    
     Attaching package: 'dplyr'
    
     The following object is masked from 'package:testthat':
    
     matches
    
     The following objects are masked from 'package:stats':
    
     filter, lag
    
     The following objects are masked from 'package:base':
    
     intersect, setdiff, setequal, union
    
     >
     > test_check("dplyr")
     ── 1. Error: mutate() supports unquoted values (@test-mutate.r#721) ───────────
     Column `out` must be length 2 (the group size) or one, not 5
     1: expect_identical(mutate(gdf, out = !!1:5), group_by(mutate(df, out = 1:5), g)) at testthat/test-mutate.r:721
     2: quasi_label(enquo(object), label)
     3: eval_bare(get_expr(quo), get_env(quo))
     4: mutate(gdf, out = 1:5)
     5: mutate.tbl_df(gdf, out = 1:5)
     6: mutate_impl(.data, dots)
    
     ── 2. Failure: summarise() supports unquoted values (@test-summarise.r#980) ───
     `summarise(df, out = 1:2)` threw an error with unexpected message.
     Expected match: "must be length 1 (the number of groups)"
     Actual message: "Column `out` must be length 1 (a summary value), not 2"
    
     ── 3. Error: summarise() supports unquoted values (@test-summarise.r#985) ─────
     Column `out` must be length 1 (a summary value), not 2
     1: expect_identical(summarise(gdf, out = !!1:2), tibble(g = c(1, 2), out = 1:2)) at testthat/test-summarise.r:985
     2: quasi_label(enquo(object), label)
     3: eval_bare(get_expr(quo), get_env(quo))
     4: summarise(gdf, out = 1:2)
     5: summarise.tbl_df(gdf, out = 1:2)
     6: summarise_impl(.data, dots)
    
     ══ testthat results ═══════════════════════════════════════════════════════════
     OK: 2883 SKIPPED: 3 FAILED: 3
     1. Error: mutate() supports unquoted values (@test-mutate.r#721)
     2. Failure: summarise() supports unquoted values (@test-summarise.r#980)
     3. Error: summarise() supports unquoted values (@test-summarise.r#985)
    
     Error: testthat unit tests failed
     In addition: Warning message:
     call dbDisconnect() when finished working with a connection
     Execution halted
Flavor: r-patched-linux-x86_64

Version: 0.7.4
Check: tests
Result: ERROR
     Running ‘testthat.R’ [20s/21s]
    Running the tests in ‘tests/testthat.R’ failed.
    Complete output:
     > library(testthat)
     > library(dplyr)
    
     Attaching package: 'dplyr'
    
     The following object is masked from 'package:testthat':
    
     matches
    
     The following objects are masked from 'package:stats':
    
     filter, lag
    
     The following objects are masked from 'package:base':
    
     intersect, setdiff, setequal, union
    
     >
     > test_check("dplyr")
     ── 1. Error: mutate() supports unquoted values (@test-mutate.r#721) ───────────
     Column `out` must be length 2 (the group size) or one, not 5
     1: expect_identical(mutate(gdf, out = !!1:5), group_by(mutate(df, out = 1:5), g)) at testthat/test-mutate.r:721
     2: quasi_label(enquo(object), label)
     3: eval_bare(get_expr(quo), get_env(quo))
     4: mutate(gdf, out = 1:5)
     5: mutate.tbl_df(gdf, out = 1:5)
     6: mutate_impl(.data, dots)
    
     ── 2. Failure: summarise() supports unquoted values (@test-summarise.r#980) ───
     `summarise(df, out = 1:2)` threw an error with unexpected message.
     Expected match: "must be length 1 (the number of groups)"
     Actual message: "Column `out` must be length 1 (a summary value), not 2"
    
     ── 3. Error: summarise() supports unquoted values (@test-summarise.r#985) ─────
     Column `out` must be length 1 (a summary value), not 2
     1: expect_identical(summarise(gdf, out = !!1:2), tibble(g = c(1, 2), out = 1:2)) at testthat/test-summarise.r:985
     2: quasi_label(enquo(object), label)
     3: eval_bare(get_expr(quo), get_env(quo))
     4: summarise(gdf, out = 1:2)
     5: summarise.tbl_df(gdf, out = 1:2)
     6: summarise_impl(.data, dots)
    
     ══ testthat results ═══════════════════════════════════════════════════════════
     OK: 2670 SKIPPED: 6 FAILED: 3
     1. Error: mutate() supports unquoted values (@test-mutate.r#721)
     2. Failure: summarise() supports unquoted values (@test-summarise.r#980)
     3. Error: summarise() supports unquoted values (@test-summarise.r#985)
    
     Error: testthat unit tests failed
     In addition: Warning message:
     call dbDisconnect() when finished working with a connection
     Execution halted
Flavor: r-patched-solaris-x86

Version: 0.7.4
Check: tests
Result: ERROR
     Running ‘testthat.R’ [16s/23s]
    Running the tests in ‘tests/testthat.R’ failed.
    Complete output:
     > library(testthat)
     > library(dplyr)
    
     Attaching package: 'dplyr'
    
     The following object is masked from 'package:testthat':
    
     matches
    
     The following objects are masked from 'package:stats':
    
     filter, lag
    
     The following objects are masked from 'package:base':
    
     intersect, setdiff, setequal, union
    
     >
     > test_check("dplyr")
     ── 1. Error: mutate() supports unquoted values (@test-mutate.r#721) ───────────
     Column `out` must be length 2 (the group size) or one, not 5
     1: expect_identical(mutate(gdf, out = !(!1:5)), group_by(mutate(df, out = 1:5), g)) at testthat/test-mutate.r:721
     2: quasi_label(enquo(object), label)
     3: eval_bare(get_expr(quo), get_env(quo))
     4: mutate(gdf, out = 1:5)
     5: mutate.tbl_df(gdf, out = 1:5)
     6: mutate_impl(.data, dots)
    
     ── 2. Failure: summarise() supports unquoted values (@test-summarise.r#980) ───
     `summarise(df, out = 1:2)` threw an error with unexpected message.
     Expected match: "must be length 1 (the number of groups)"
     Actual message: "Column `out` must be length 1 (a summary value), not 2"
    
     ── 3. Error: summarise() supports unquoted values (@test-summarise.r#985) ─────
     Column `out` must be length 1 (a summary value), not 2
     1: expect_identical(summarise(gdf, out = !(!1:2)), tibble(g = c(1, 2), out = 1:2)) at testthat/test-summarise.r:985
     2: quasi_label(enquo(object), label)
     3: eval_bare(get_expr(quo), get_env(quo))
     4: summarise(gdf, out = 1:2)
     5: summarise.tbl_df(gdf, out = 1:2)
     6: summarise_impl(.data, dots)
    
     ══ testthat results ═══════════════════════════════════════════════════════════
     OK: 2883 SKIPPED: 3 FAILED: 3
     1. Error: mutate() supports unquoted values (@test-mutate.r#721)
     2. Failure: summarise() supports unquoted values (@test-summarise.r#980)
     3. Error: summarise() supports unquoted values (@test-summarise.r#985)
    
     Error: testthat unit tests failed
     In addition: Warning message:
     call dbDisconnect() when finished working with a connection
     Execution halted
Flavor: r-release-linux-x86_64

Version: 0.7.4
Check: running tests for arch ‘i386’
Result: ERROR
     Running 'testthat.R' [14s]
    Running the tests in 'tests/testthat.R' failed.
    Complete output:
     > library(testthat)
     > library(dplyr)
    
     Attaching package: 'dplyr'
    
     The following object is masked from 'package:testthat':
    
     matches
    
     The following objects are masked from 'package:stats':
    
     filter, lag
    
     The following objects are masked from 'package:base':
    
     intersect, setdiff, setequal, union
    
     >
     > test_check("dplyr")
     -- 1. Error: mutate() supports unquoted values (@test-mutate.r#721) -----------
     Column `out` must be length 2 (the group size) or one, not 5
     1: expect_identical(mutate(gdf, out = !(!1:5)), group_by(mutate(df, out = 1:5), g)) at testthat/test-mutate.r:721
     2: quasi_label(enquo(object), label)
     3: eval_bare(get_expr(quo), get_env(quo))
     4: mutate(gdf, out = 1:5)
     5: mutate.tbl_df(gdf, out = 1:5)
     6: mutate_impl(.data, dots)
    
     -- 2. Failure: summarise() supports unquoted values (@test-summarise.r#980) ---
     `summarise(df, out = 1:2)` threw an error with unexpected message.
     Expected match: "must be length 1 (the number of groups)"
     Actual message: "Column `out` must be length 1 (a summary value), not 2"
    
     -- 3. Error: summarise() supports unquoted values (@test-summarise.r#985) -----
     Column `out` must be length 1 (a summary value), not 2
     1: expect_identical(summarise(gdf, out = !(!1:2)), tibble(g = c(1, 2), out = 1:2)) at testthat/test-summarise.r:985
     2: quasi_label(enquo(object), label)
     3: eval_bare(get_expr(quo), get_env(quo))
     4: summarise(gdf, out = 1:2)
     5: summarise.tbl_df(gdf, out = 1:2)
     6: summarise_impl(.data, dots)
    
     == testthat results ===========================================================
     OK: 2875 SKIPPED: 6 FAILED: 3
     1. Error: mutate() supports unquoted values (@test-mutate.r#721)
     2. Failure: summarise() supports unquoted values (@test-summarise.r#980)
     3. Error: summarise() supports unquoted values (@test-summarise.r#985)
    
     Error: testthat unit tests failed
     In addition: Warning message:
     call dbDisconnect() when finished working with a connection
     Execution halted
Flavor: r-release-windows-ix86+x86_64

Version: 0.7.4
Check: running tests for arch ‘x64’
Result: ERROR
     Running 'testthat.R' [16s]
    Running the tests in 'tests/testthat.R' failed.
    Complete output:
     > library(testthat)
     > library(dplyr)
    
     Attaching package: 'dplyr'
    
     The following object is masked from 'package:testthat':
    
     matches
    
     The following objects are masked from 'package:stats':
    
     filter, lag
    
     The following objects are masked from 'package:base':
    
     intersect, setdiff, setequal, union
    
     >
     > test_check("dplyr")
     -- 1. Error: mutate() supports unquoted values (@test-mutate.r#721) -----------
     Column `out` must be length 2 (the group size) or one, not 5
     1: expect_identical(mutate(gdf, out = !(!1:5)), group_by(mutate(df, out = 1:5), g)) at testthat/test-mutate.r:721
     2: quasi_label(enquo(object), label)
     3: eval_bare(get_expr(quo), get_env(quo))
     4: mutate(gdf, out = 1:5)
     5: mutate.tbl_df(gdf, out = 1:5)
     6: mutate_impl(.data, dots)
    
     -- 2. Failure: summarise() supports unquoted values (@test-summarise.r#980) ---
     `summarise(df, out = 1:2)` threw an error with unexpected message.
     Expected match: "must be length 1 (the number of groups)"
     Actual message: "Column `out` must be length 1 (a summary value), not 2"
    
     -- 3. Error: summarise() supports unquoted values (@test-summarise.r#985) -----
     Column `out` must be length 1 (a summary value), not 2
     1: expect_identical(summarise(gdf, out = !(!1:2)), tibble(g = c(1, 2), out = 1:2)) at testthat/test-summarise.r:985
     2: quasi_label(enquo(object), label)
     3: eval_bare(get_expr(quo), get_env(quo))
     4: summarise(gdf, out = 1:2)
     5: summarise.tbl_df(gdf, out = 1:2)
     6: summarise_impl(.data, dots)
    
     == testthat results ===========================================================
     OK: 2875 SKIPPED: 6 FAILED: 3
     1. Error: mutate() supports unquoted values (@test-mutate.r#721)
     2. Failure: summarise() supports unquoted values (@test-summarise.r#980)
     3. Error: summarise() supports unquoted values (@test-summarise.r#985)
    
     Error: testthat unit tests failed
     In addition: Warning message:
     call dbDisconnect() when finished working with a connection
     Execution halted
Flavor: r-release-windows-ix86+x86_64

Version: 0.7.4
Check: running tests for arch ‘i386’
Result: ERROR
     Running 'testthat.R' [10s]
    Running the tests in 'tests/testthat.R' failed.
    Complete output:
     > library(testthat)
     > library(dplyr)
    
     Attaching package: 'dplyr'
    
     The following object is masked from 'package:testthat':
    
     matches
    
     The following objects are masked from 'package:stats':
    
     filter, lag
    
     The following objects are masked from 'package:base':
    
     intersect, setdiff, setequal, union
    
     >
     > test_check("dplyr")
     -- 1. Error: mutate() supports unquoted values (@test-mutate.r#721) -----------
     Column `out` must be length 2 (the group size) or one, not 5
     1: expect_identical(mutate(gdf, out = !(!1:5)), group_by(mutate(df, out = 1:5), g)) at testthat/test-mutate.r:721
     2: quasi_label(enquo(object), label)
     3: eval_bare(get_expr(quo), get_env(quo))
     4: mutate(gdf, out = 1:5)
     5: mutate.tbl_df(gdf, out = 1:5)
     6: mutate_impl(.data, dots)
    
     -- 2. Failure: summarise() supports unquoted values (@test-summarise.r#980) ---
     `summarise(df, out = 1:2)` threw an error with unexpected message.
     Expected match: "must be length 1 (the number of groups)"
     Actual message: "Column `out` must be length 1 (a summary value), not 2"
    
     -- 3. Error: summarise() supports unquoted values (@test-summarise.r#985) -----
     Column `out` must be length 1 (a summary value), not 2
     1: expect_identical(summarise(gdf, out = !(!1:2)), tibble(g = c(1, 2), out = 1:2)) at testthat/test-summarise.r:985
     2: quasi_label(enquo(object), label)
     3: eval_bare(get_expr(quo), get_env(quo))
     4: summarise(gdf, out = 1:2)
     5: summarise.tbl_df(gdf, out = 1:2)
     6: summarise_impl(.data, dots)
    
     == testthat results ===========================================================
     OK: 2876 SKIPPED: 6 FAILED: 3
     1. Error: mutate() supports unquoted values (@test-mutate.r#721)
     2. Failure: summarise() supports unquoted values (@test-summarise.r#980)
     3. Error: summarise() supports unquoted values (@test-summarise.r#985)
    
     Error: testthat unit tests failed
     Execution halted
Flavor: r-oldrel-windows-ix86+x86_64

Version: 0.7.4
Check: running tests for arch ‘x64’
Result: ERROR
     Running 'testthat.R' [11s]
    Running the tests in 'tests/testthat.R' failed.
    Complete output:
     > library(testthat)
     > library(dplyr)
    
     Attaching package: 'dplyr'
    
     The following object is masked from 'package:testthat':
    
     matches
    
     The following objects are masked from 'package:stats':
    
     filter, lag
    
     The following objects are masked from 'package:base':
    
     intersect, setdiff, setequal, union
    
     >
     > test_check("dplyr")
     -- 1. Error: mutate() supports unquoted values (@test-mutate.r#721) -----------
     Column `out` must be length 2 (the group size) or one, not 5
     1: expect_identical(mutate(gdf, out = !(!1:5)), group_by(mutate(df, out = 1:5), g)) at testthat/test-mutate.r:721
     2: quasi_label(enquo(object), label)
     3: eval_bare(get_expr(quo), get_env(quo))
     4: mutate(gdf, out = 1:5)
     5: mutate.tbl_df(gdf, out = 1:5)
     6: mutate_impl(.data, dots)
    
     -- 2. Failure: summarise() supports unquoted values (@test-summarise.r#980) ---
     `summarise(df, out = 1:2)` threw an error with unexpected message.
     Expected match: "must be length 1 (the number of groups)"
     Actual message: "Column `out` must be length 1 (a summary value), not 2"
    
     -- 3. Error: summarise() supports unquoted values (@test-summarise.r#985) -----
     Column `out` must be length 1 (a summary value), not 2
     1: expect_identical(summarise(gdf, out = !(!1:2)), tibble(g = c(1, 2), out = 1:2)) at testthat/test-summarise.r:985
     2: quasi_label(enquo(object), label)
     3: eval_bare(get_expr(quo), get_env(quo))
     4: summarise(gdf, out = 1:2)
     5: summarise.tbl_df(gdf, out = 1:2)
     6: summarise_impl(.data, dots)
    
     == testthat results ===========================================================
     OK: 2876 SKIPPED: 6 FAILED: 3
     1. Error: mutate() supports unquoted values (@test-mutate.r#721)
     2. Failure: summarise() supports unquoted values (@test-summarise.r#980)
     3. Error: summarise() supports unquoted values (@test-summarise.r#985)
    
     Error: testthat unit tests failed
     Execution halted
Flavor: r-oldrel-windows-ix86+x86_64