CRAN Package Check Results for Package dqrng

Last updated on 2023-02-06 01:53:40 CET.

Flavor Version Tinstall Tcheck Ttotal Status Flags
r-devel-linux-x86_64-debian-clang 0.3.0 30.83 137.04 167.87 NOTE
r-devel-linux-x86_64-debian-gcc 0.3.0 18.66 85.31 103.97 NOTE
r-devel-linux-x86_64-fedora-clang 0.3.0 219.64 NOTE
r-devel-linux-x86_64-fedora-gcc 0.3.0 204.79 NOTE
r-devel-windows-x86_64 0.3.0 38.00 211.00 249.00 NOTE
r-patched-linux-x86_64 0.3.0 22.08 126.19 148.27 OK
r-release-linux-x86_64 0.3.0 20.87 134.79 155.66 OK
r-release-macos-arm64 0.3.0 52.00 OK
r-release-macos-x86_64 0.3.0 95.00 OK
r-release-windows-x86_64 0.3.0 70.00 220.00 290.00 OK
r-oldrel-macos-arm64 0.3.0 65.00 OK
r-oldrel-macos-x86_64 0.3.0 123.00 OK
r-oldrel-windows-ix86+x86_64 0.3.0 71.00 233.00 304.00 OK

Check Details

Version: 0.3.0
Check: C++ specification
Result: NOTE
     Specified C++11: please update to current default of C++17
Flavors: r-devel-linux-x86_64-debian-clang, r-devel-linux-x86_64-debian-gcc, r-devel-linux-x86_64-fedora-clang, r-devel-linux-x86_64-fedora-gcc, r-devel-windows-x86_64

Version: 0.3.0
Check: Rd cross-references
Result: NOTE
    Undeclared package ‘sitmo’ in Rd xrefs
Flavor: r-devel-linux-x86_64-fedora-clang