CRAN Package Check Results for Package dragon

Last updated on 2019-11-14 22:49:13 CET.

Flavor Version Tinstall Tcheck Ttotal Status Flags
r-devel-linux-x86_64-debian-clang 0.2.1 1.97 18.25 20.22 OK
r-devel-linux-x86_64-debian-gcc 0.2.1 1.88 14.82 16.70 OK
r-devel-linux-x86_64-fedora-clang 0.2.1 26.41 NOTE
r-devel-linux-x86_64-fedora-gcc 0.2.1 25.80 NOTE
r-devel-windows-ix86+x86_64 0.2.1 11.00 45.00 56.00 OK
r-patched-linux-x86_64 0.2.1 1.82 18.04 19.86 OK
r-patched-solaris-x86 0.2.1 41.50 NOTE
r-release-linux-x86_64 0.2.1 1.86 17.95 19.81 OK
r-release-windows-ix86+x86_64 0.2.1 8.00 64.00 72.00 OK
r-release-osx-x86_64 0.2.1 NOTE
r-oldrel-windows-ix86+x86_64 0.2.1 5.00 48.00 53.00 OK
r-oldrel-osx-x86_64 0.2.1 NOTE

Check Details

Version: 0.2.1
Check: dependencies in R code
Result: NOTE
    Namespaces in Imports field not imported from:
     ‘DT’ ‘RColorBrewer’ ‘broom’ ‘colorspace’ ‘colourpicker’ ‘cowplot’
     ‘igraph’ ‘magrittr’ ‘shinyBS’ ‘shinyWidgets’ ‘shinydashboard’
     ‘shinythemes’ ‘tidyverse’ ‘visNetwork’
     All declared Imports should be used.
Flavors: r-devel-linux-x86_64-fedora-clang, r-devel-linux-x86_64-fedora-gcc, r-patched-solaris-x86, r-release-osx-x86_64, r-oldrel-osx-x86_64