CRAN Package Check Results for Package dragulaR

Last updated on 2021-04-16 09:49:59 CEST.

Flavor Version Tinstall Tcheck Ttotal Status Flags
r-devel-linux-x86_64-debian-clang 0.3.1 3.21 34.39 37.60 NOTE
r-devel-linux-x86_64-debian-gcc 0.3.1 2.61 26.91 29.52 NOTE
r-devel-linux-x86_64-fedora-clang 0.3.1 54.74 NOTE
r-devel-linux-x86_64-fedora-gcc 0.3.1 44.66 NOTE
r-devel-windows-ix86+x86_64 0.3.1 10.00 55.00 65.00 NOTE
r-devel-windows-x86_64-gcc10-UCRT 0.3.1 NOTE
r-patched-linux-x86_64 0.3.1 3.27 33.22 36.49 OK
r-patched-solaris-x86 0.3.1 71.80 OK
r-release-linux-x86_64 0.3.1 3.20 33.20 36.40 OK
r-release-macos-x86_64 0.3.1 OK
r-release-windows-ix86+x86_64 0.3.1 26.00 58.00 84.00 OK
r-oldrel-macos-x86_64 0.3.1 OK
r-oldrel-windows-ix86+x86_64 0.3.1 5.00 51.00 56.00 OK

Check Details

Version: 0.3.1
Check: LazyData
Result: NOTE
     'LazyData' is specified without a 'data' directory
Flavors: r-devel-linux-x86_64-debian-clang, r-devel-linux-x86_64-debian-gcc, r-devel-linux-x86_64-fedora-clang, r-devel-linux-x86_64-fedora-gcc, r-devel-windows-ix86+x86_64, r-devel-windows-x86_64-gcc10-UCRT