CRAN Package Check Results for Package drake

Last updated on 2020-09-21 09:02:46 CEST.

Flavor Version Tinstall Tcheck Ttotal Status Flags
r-devel-linux-x86_64-debian-clang 7.12.5 18.43 146.77 165.20 OK
r-devel-linux-x86_64-debian-gcc 7.12.5 15.99 111.26 127.25 OK
r-devel-linux-x86_64-fedora-clang 7.12.5 207.29 OK
r-devel-linux-x86_64-fedora-gcc 7.12.5 187.62 ERROR
r-devel-windows-ix86+x86_64 7.12.5 36.00 219.00 255.00 OK
r-patched-linux-x86_64 7.12.5 21.18 145.45 166.63 OK
r-patched-solaris-x86 7.12.5 202.90 OK
r-release-linux-x86_64 7.12.5 19.60 145.12 164.72 OK
r-release-macos-x86_64 7.12.5 OK
r-release-windows-ix86+x86_64 7.12.5 39.00 288.00 327.00 OK
r-oldrel-macos-x86_64 7.12.5 OK
r-oldrel-windows-ix86+x86_64 7.12.5 20.00 248.00 268.00 OK

Check Details

Version: 7.12.5
Check: tests
Result: ERROR
     Running ‘testthat.R’ [1m/90m]
    Running the tests in ‘tests/testthat.R’ failed.
    Complete output:
     > Sys.setenv("R_TESTS" = "")
     > Sys.setenv("drake_session_info" = "false")
     >
     > library(testthat)
     > library(drake)
    
     Attaching package: 'drake'
    
     The following object is masked from 'package:testthat':
    
     matches
    
     >
     > test_check("drake", reporter = "summary")
     local_loop_1: hash tables: .....................
     local_loop_1: interactive: SSSSSSSSS
     local_loop_1: keras:
     local_loop_1: missed: SS
     local_loop_1: queue: SS
     local_loop_1: s3: ........
     local_loop_1: drake_build: SS
     local_loop_1: checks: SSSSS
     local_loop_1: lock: SSS
     local_loop_1: meta: SSS.....
     local_loop_1: prework: SSSS
     local_loop_1: testing: SSSSSS
     local_loop_1: commands: ............
     local_loop_1: lazy: SSS
     local_loop_1: rstudio: SSS
     local_loop_1: utils: SS..................SSSS............S..S....
     local_loop_1: code to function: SSSSS
     local_loop_1: flow: ..................................SSSSSSSS
     local_loop_1: history: SSSSSSSSSS..
     local_loop_1: imports: ..............SS.
     local_loop_1: rng: .....S.................
     local_loop_1: console: .SSSSS
     local_loop_1: examples: SS
     local_loop_1: graph: S.SSSSSSS...............SSSS
     local_loop_1: time: SSSSSSS
     local_loop_1: analysis: .................................................SSSSSSSSSSSS.....SSSS.........................SSSSS...............
     local_loop_1: hpc: .....SSSSSSSSSSSSS.
     local_loop_1: memory: SS................................................SSSSSSSSS
     local_loop_1: plans: S..SSSSSSSSSSSSSSSSSSSSS..SSSSSS.SSSSSSSSS.........
     local_loop_1: retries and timeouts: SS
     local_loop_1: triggers: SS.SSSSSSSSSSSSSS....
     local_loop_1: visuals: ..SSSSSSS
     local_loop_1: config utils: ...SSSSSSSSS
     local_loop_1: deprecate: SSSSSSSSSSSSSSSSSSSSSSSSSSSSSSSSSSSSSSSSSSSSSSSSSS
     local_loop_1: dsl: SS....S..S....SSS......S..SSS......SSSSSSSSSSSSSSS.......................SSSSSSSSS..SSSSSSSSSSSSSSSSSSSSSSSSSSSSSSSSS..SSSSSSS..S...
     local_loop_1: files: .......SSSSSSS......................................................SSSSSSS
     local_loop_1: recovery: SSSS
     local_loop_1: cache: SSSSSSSSSSSSSS.....................................................SSSSSSSSSSSSSSSSSSSSSSSSSSSS
     local_loop_1: decorated storr: SSSSSSSSSSSSS..........S........SS.......SSSSSSSSSSSSSSSSSSSSSSSSSSSSSSSSS
     local_loop_1: clustermq: .
     1SSSS
     local_loop_1: dynamic: SSSSS..SS............
     Execution halted
Flavor: r-devel-linux-x86_64-fedora-gcc