CRAN Package Check Results for Package drake

Last updated on 2020-02-21 02:47:24 CET.

Flavor Version Tinstall Tcheck Ttotal Status Flags
r-devel-linux-x86_64-debian-clang 7.10.0 21.82 163.70 185.52 NOTE
r-devel-linux-x86_64-debian-gcc 7.10.0 13.84 121.41 135.25 NOTE
r-devel-linux-x86_64-fedora-clang 7.10.0 222.53 NOTE
r-devel-linux-x86_64-fedora-gcc 7.10.0 215.14 NOTE
r-devel-windows-ix86+x86_64 7.10.0 30.00 380.00 410.00 OK
r-devel-windows-ix86+x86_64-gcc8 7.10.0 40.00 547.00 587.00 OK
r-patched-linux-x86_64 7.10.0 15.11 140.96 156.07 NOTE
r-patched-solaris-x86 7.10.0 263.70 NOTE
r-release-linux-x86_64 7.10.0 12.77 141.12 153.89 NOTE
r-release-windows-ix86+x86_64 7.10.0 21.00 359.00 380.00 OK
r-release-osx-x86_64 7.10.0 OK
r-oldrel-windows-ix86+x86_64 7.10.0 20.00 341.00 361.00 OK
r-oldrel-osx-x86_64 7.10.0 OK

Check Details

Version: 7.10.0
Check: package dependencies
Result: NOTE
    Package suggested but not available for checking: 'disk.frame'
Flavors: r-devel-linux-x86_64-debian-clang, r-devel-linux-x86_64-debian-gcc, r-devel-linux-x86_64-fedora-clang, r-devel-linux-x86_64-fedora-gcc, r-patched-linux-x86_64, r-patched-solaris-x86, r-release-linux-x86_64