Last updated on 2023-03-31 22:59:29 CEST.
Flavor | Version | Tinstall | Tcheck | Ttotal | Status | Flags |
---|---|---|---|---|---|---|
r-devel-linux-x86_64-debian-clang | 7.13.5 | 21.89 | 190.97 | 212.86 | OK | |
r-devel-linux-x86_64-debian-gcc | 7.13.5 | 18.06 | 144.26 | 162.32 | OK | |
r-devel-linux-x86_64-fedora-clang | 7.13.5 | 256.90 | OK | |||
r-devel-linux-x86_64-fedora-gcc | 7.13.5 | 255.58 | OK | |||
r-devel-windows-x86_64 | 7.13.5 | 147.00 | 304.00 | 451.00 | OK | |
r-patched-linux-x86_64 | 7.13.5 | 32.13 | 182.77 | 214.90 | OK | |
r-release-linux-x86_64 | 7.13.5 | 18.72 | 167.72 | 186.44 | OK | |
r-release-macos-arm64 | 7.13.5 | 56.00 | OK | |||
r-release-macos-x86_64 | 7.13.5 | 91.00 | OK | |||
r-release-windows-x86_64 | 7.13.5 | 233.00 | 257.00 | 490.00 | OK | |
r-oldrel-macos-arm64 | 7.13.5 | 56.00 | OK | |||
r-oldrel-macos-x86_64 | 7.13.5 | 93.00 | OK | |||
r-oldrel-windows-ix86+x86_64 | 7.13.5 | 40.00 | 319.00 | 359.00 | WARN |
Version: 7.13.5
Check: dependencies in R code
Result: NOTE
Initiating curl with CURL_SSL_BACKEND: openssl
Flavor: r-oldrel-windows-ix86+x86_64
Version: 7.13.5
Check: for unstated dependencies in ‘tests’
Result: WARN
Warning: unable to access index for repository https://bioconductor.org/packages/3.14/bioc/src/contrib:
cannot open URL 'https://bioconductor.org/packages/3.14/bioc/src/contrib/PACKAGES'
Warning: unable to access index for repository https://bioconductor.org/packages/3.14/data/annotation/src/contrib:
cannot open URL 'https://bioconductor.org/packages/3.14/data/annotation/src/contrib/PACKAGES'
Warning: unable to access index for repository https://bioconductor.org/packages/3.14/data/experiment/src/contrib:
cannot open URL 'https://bioconductor.org/packages/3.14/data/experiment/src/contrib/PACKAGES'
Flavor: r-oldrel-windows-ix86+x86_64