CRAN Package Check Results for Package drake

Last updated on 2021-10-22 07:10:18 CEST.

Flavor Version Tinstall Tcheck Ttotal Status Flags
r-devel-linux-x86_64-debian-clang 7.13.3 22.15 160.95 183.10 OK
r-devel-linux-x86_64-debian-gcc 7.13.3 16.70 117.86 134.56 OK
r-devel-linux-x86_64-fedora-clang 7.13.3 231.23 OK
r-devel-linux-x86_64-fedora-gcc 7.13.3 207.04 OK
r-devel-windows-x86_64 7.13.3 33.00 197.00 230.00 OK
r-devel-windows-x86_64-gcc10-UCRT 7.13.3 ERROR
r-patched-linux-x86_64 7.13.3 26.83 152.02 178.85 OK
r-patched-solaris-x86 7.13.3 216.00 OK
r-release-linux-x86_64 7.13.3 21.27 152.55 173.82 OK
r-release-macos-arm64 7.13.3 OK
r-release-macos-x86_64 7.13.3 OK
r-release-windows-ix86+x86_64 7.13.3 28.00 286.00 314.00 OK
r-oldrel-macos-x86_64 7.13.3 OK
r-oldrel-windows-ix86+x86_64 7.13.3 38.00 270.00 308.00 OK

Check Details

Version: 7.13.3
Check: package dependencies
Result: ERROR
    Package required but not available: 'igraph'
    
    Packages suggested but not available for checking: 'ggraph', 'networkD3'
    
    See section 'The DESCRIPTION file' in the 'Writing R Extensions'
    manual.
Flavor: r-devel-windows-x86_64-gcc10-UCRT