Last updated on 2023-03-20 20:52:51 CET.
Flavor | Version | Tinstall | Tcheck | Ttotal | Status | Flags |
---|---|---|---|---|---|---|
r-devel-linux-x86_64-debian-clang | 0.2.3 | OK | ||||
r-devel-linux-x86_64-debian-gcc | 0.2.3 | 1.91 | 36.08 | 37.99 | OK | |
r-devel-linux-x86_64-fedora-clang | 0.2.3 | 62.70 | OK | |||
r-devel-linux-x86_64-fedora-gcc | 0.2.3 | 68.28 | OK | |||
r-devel-windows-x86_64 | 0.2.3 | 26.00 | 134.00 | 160.00 | OK | |
r-patched-linux-x86_64 | 0.2.3 | 2.58 | 46.42 | 49.00 | OK | |
r-release-linux-x86_64 | 0.2.3 | 2.72 | 45.59 | 48.31 | OK | |
r-release-macos-arm64 | 0.2.3 | 26.00 | OK | |||
r-release-macos-x86_64 | 0.2.3 | 32.00 | ERROR | |||
r-release-windows-x86_64 | 0.2.3 | 20.00 | 125.00 | 145.00 | OK | |
r-oldrel-macos-arm64 | 0.2.3 | 33.00 | OK | |||
r-oldrel-macos-x86_64 | 0.2.3 | 37.00 | ERROR | |||
r-oldrel-windows-ix86+x86_64 | 0.2.3 | 6.00 | 91.00 | 97.00 | OK |
Version: 0.2.3
Check: tests
Result: ERROR
Running ‘simpleTests.R’ [0s/0s]
Running ‘skeleton_git2r.R’ [3s/3s]
Running the tests in ‘tests/skeleton_git2r.R’ failed.
Last 13 lines of output:
* saving partial Rd database
* checking for LF line-endings in source and make files and shell scripts
* checking for empty or unneeded directories
* building ‘foo_1.0.tar.gz’
dratting
Added and committed foo_1.0.tar.gz plus PACKAGES files. Still need to push.
Error in testRepoActions(repodir) :
Wrong package files found after pruning for version = NA
Calls: runTest -> testRepoActions
In addition: Warning message:
In (function (dir = ".", fields = NULL, type = c("source", "mac.binary", :
PACKAGES files do not include MD5 sums in the win.binary case, so strict checking is impossible. Calling down to write_PACKAGES directly.
Execution halted
Flavors: r-release-macos-x86_64, r-oldrel-macos-x86_64