CRAN Package Check Results for Package draw

Last updated on 2021-04-13 00:48:56 CEST.

Flavor Version Tinstall Tcheck Ttotal Status Flags
r-devel-linux-x86_64-debian-clang 1.0.0 2.16 24.70 26.86 NOTE
r-devel-linux-x86_64-debian-gcc 1.0.0 1.63 19.60 21.23 NOTE
r-devel-linux-x86_64-fedora-clang 1.0.0 42.82 NOTE
r-devel-linux-x86_64-fedora-gcc 1.0.0 32.10 NOTE
r-devel-windows-ix86+x86_64 1.0.0 5.00 43.00 48.00 NOTE
r-devel-windows-x86_64-gcc10-UCRT 1.0.0 NOTE
r-patched-linux-x86_64 1.0.0 2.12 24.18 26.30 NOTE
r-patched-solaris-x86 1.0.0 50.10 NOTE
r-release-linux-x86_64 1.0.0 1.63 24.17 25.80 NOTE
r-release-macos-x86_64 1.0.0 OK
r-release-windows-ix86+x86_64 1.0.0 4.00 31.00 35.00 OK
r-oldrel-macos-x86_64 1.0.0 OK
r-oldrel-windows-ix86+x86_64 1.0.0 5.00 47.00 52.00 OK

Check Details

Version: 1.0.0
Check: LazyData
Result: NOTE
     'LazyData' is specified without a 'data' directory
Flavors: r-devel-linux-x86_64-debian-clang, r-devel-linux-x86_64-debian-gcc, r-devel-linux-x86_64-fedora-clang, r-devel-linux-x86_64-fedora-gcc, r-devel-windows-ix86+x86_64, r-devel-windows-x86_64-gcc10-UCRT

Version: 1.0.0
Check: for non-standard things in the check directory
Result: NOTE
    Found the following files/directories:
     'drawBox.pdf' 'drawCircle.pdf' 'drawCurve.pdf' 'drawLine.pdf'
     'drawPoint.pdf' 'drawSettingsExample.pdf' 'drawText.pdf' 'export.pdf'
Flavors: r-devel-linux-x86_64-debian-clang, r-devel-linux-x86_64-debian-gcc, r-devel-linux-x86_64-fedora-clang, r-devel-linux-x86_64-fedora-gcc, r-patched-linux-x86_64, r-patched-solaris-x86, r-release-linux-x86_64