CRAN Package Check Results for Package drc

Last updated on 2020-02-17 15:48:07 CET.

Flavor Version Tinstall Tcheck Ttotal Status Flags
r-devel-linux-x86_64-debian-clang 3.0-1 0.74 2.20 2.94 ERROR
r-devel-linux-x86_64-debian-gcc 3.0-1 20.27 128.55 148.82 OK
r-devel-linux-x86_64-fedora-clang 3.0-1 225.53 OK
r-devel-linux-x86_64-fedora-gcc 3.0-1 224.51 OK
r-devel-windows-ix86+x86_64 3.0-1 43.00 202.00 245.00 OK
r-devel-windows-ix86+x86_64-gcc8 3.0-1 56.00 272.00 328.00 OK
r-patched-linux-x86_64 3.0-1 21.63 149.97 171.60 OK
r-patched-solaris-x86 3.0-1 282.50 OK
r-release-linux-x86_64 3.0-1 21.71 150.44 172.15 OK
r-release-windows-ix86+x86_64 3.0-1 29.00 187.00 216.00 OK
r-release-osx-x86_64 3.0-1 OK
r-oldrel-windows-ix86+x86_64 3.0-1 26.00 160.00 186.00 OK
r-oldrel-osx-x86_64 3.0-1 OK

Check Details

Version: 3.0-1
Check: package dependencies
Result: ERROR
    Package required but not available: 'car'
    
    See section 'The DESCRIPTION file' in the 'Writing R Extensions'
    manual.
Flavor: r-devel-linux-x86_64-debian-clang