CRAN Package Check Results for Package drc

Last updated on 2022-09-30 22:53:32 CEST.

Flavor Version Tinstall Tcheck Ttotal Status Flags
r-devel-linux-x86_64-debian-clang 3.0-1 22.06 184.35 206.41 NOTE
r-devel-linux-x86_64-debian-gcc 3.0-1 19.73 137.05 156.78 NOTE
r-devel-linux-x86_64-fedora-clang 3.0-1 267.01 NOTE
r-devel-linux-x86_64-fedora-gcc 3.0-1 255.23 NOTE
r-devel-windows-x86_64 3.0-1 68.00 234.00 302.00 NOTE
r-patched-linux-x86_64 3.0-1 25.35 178.72 204.07 OK
r-release-linux-x86_64 3.0-1 22.98 177.79 200.77 OK
r-release-macos-arm64 3.0-1 62.00 OK
r-release-macos-x86_64 3.0-1 113.00 OK
r-release-windows-x86_64 3.0-1 71.00 244.00 315.00 OK
r-oldrel-macos-arm64 3.0-1 79.00 OK
r-oldrel-macos-x86_64 3.0-1 101.00 OK
r-oldrel-windows-ix86+x86_64 3.0-1 44.00 224.00 268.00 OK

Check Details

Version: 3.0-1
Check: Rd files
Result: NOTE
    checkRd: (-1) EDcomp.Rd:88: Escaped LaTeX specials: \&
    checkRd: (-1) LL.4.Rd:44: Escaped LaTeX specials: \&
    checkRd: (-1) W4.Rd:37: Escaped LaTeX specials: \&
    checkRd: (-1) algae.Rd:32: Escaped LaTeX specials: \&
    checkRd: (-1) anova.drc.Rd:40: Escaped LaTeX specials: \&
    checkRd: (-1) deguelin.Rd:33: Escaped LaTeX specials: \&
    checkRd: (-1) gompertz.Rd:55: Escaped LaTeX specials: \&
    checkRd: (-1) hatvalues.drc.Rd:44: Escaped LaTeX specials: \&
    checkRd: (-1) llogistic.Rd:64: Escaped LaTeX specials: \&
    checkRd: (-1) modelFit.Rd:36: Escaped LaTeX specials: \&
    checkRd: (-1) weibull1.Rd:67: Escaped LaTeX specials: \&
Flavors: r-devel-linux-x86_64-debian-clang, r-devel-linux-x86_64-debian-gcc, r-devel-linux-x86_64-fedora-clang, r-devel-linux-x86_64-fedora-gcc, r-devel-windows-x86_64