Last updated on 2023-12-03 11:50:33 CET.
Flavor | Version | Tinstall | Tcheck | Ttotal | Status | Flags |
---|---|---|---|---|---|---|
r-devel-linux-x86_64-debian-clang | 1.0.1 | 17.60 | 144.77 | 162.37 | NOTE | |
r-devel-linux-x86_64-debian-gcc | 1.0.1 | 16.63 | 106.33 | 122.96 | NOTE | |
r-devel-linux-x86_64-fedora-clang | 1.0.1 | 209.41 | OK | |||
r-devel-linux-x86_64-fedora-gcc | 1.0.1 | 192.63 | OK | |||
r-devel-windows-x86_64 | 1.0.1 | 17.00 | 119.00 | 136.00 | OK | |
r-patched-linux-x86_64 | 1.0.1 | 16.73 | 138.90 | 155.63 | OK | |
r-release-linux-x86_64 | 1.0.1 | 14.01 | 137.61 | 151.62 | OK | |
r-release-macos-arm64 | 1.0.1 | 52.00 | OK | |||
r-release-macos-x86_64 | 1.0.1 | 79.00 | OK | |||
r-release-windows-x86_64 | 1.0.1 | 22.00 | 149.00 | 171.00 | OK | |
r-oldrel-macos-arm64 | 1.0.1 | 47.00 | OK | |||
r-oldrel-macos-x86_64 | 1.0.1 | 77.00 | OK | |||
r-oldrel-windows-x86_64 | 1.0.1 | 22.00 | 147.00 | 169.00 | OK |
Version: 1.0.1
Check: Rd files
Result: NOTE
checkRd: (-1) excalibur.Rd:18: Lost braces; missing escapes or markup?
18 | \item{\code{GR}}{a numeric vector: germination rates in d^{-1}}
| ^
checkRd: (-1) festuca.Rd:16: Lost braces; missing escapes or markup?
16 | \item{\code{GR}}{a numeric vector: germination rates in d^{-1}}
| ^
Flavors: r-devel-linux-x86_64-debian-clang, r-devel-linux-x86_64-debian-gcc