CRAN Package Check Results for Package dreamerr

Last updated on 2021-11-28 06:48:37 CET.

Flavor Version Tinstall Tcheck Ttotal Status Flags
r-devel-linux-x86_64-debian-clang 1.2.3 NOTE
r-devel-linux-x86_64-debian-gcc 1.2.3 6.26 33.59 39.85 NOTE
r-devel-linux-x86_64-fedora-clang 1.2.3 73.99 NOTE
r-devel-linux-x86_64-fedora-gcc 1.2.3 63.56 NOTE
r-devel-windows-x86_64-new-UL 1.2.3 16.00 82.00 98.00 NOTE
r-devel-windows-x86_64-new-TK 1.2.3 NOTE
r-devel-windows-x86_64-old 1.2.3 9.00 60.00 69.00 NOTE
r-patched-linux-x86_64 1.2.3 7.31 43.22 50.53 NOTE
r-patched-solaris-x86 1.2.3 81.70 NOTE
r-release-linux-x86_64 1.2.3 6.46 42.55 49.01 NOTE
r-release-macos-arm64 1.2.3 NOTE
r-release-macos-x86_64 1.2.3 NOTE
r-release-windows-ix86+x86_64 1.2.3 13.00 49.00 62.00 NOTE
r-oldrel-macos-x86_64 1.2.3 OK
r-oldrel-windows-ix86+x86_64 1.2.3 11.00 61.00 72.00 OK

Check Details

Version: 1.2.3
Check: LazyData
Result: NOTE
     'LazyData' is specified without a 'data' directory
Flavors: r-devel-linux-x86_64-debian-clang, r-devel-linux-x86_64-debian-gcc, r-devel-linux-x86_64-fedora-clang, r-devel-linux-x86_64-fedora-gcc, r-devel-windows-x86_64-new-UL, r-devel-windows-x86_64-new-TK, r-devel-windows-x86_64-old, r-patched-linux-x86_64, r-patched-solaris-x86, r-release-linux-x86_64, r-release-macos-arm64, r-release-macos-x86_64, r-release-windows-ix86+x86_64