CRAN Package Check Results for Package drgee

Last updated on 2019-03-23 12:47:57 CET.

Flavor Version Tinstall Tcheck Ttotal Status Flags
r-devel-linux-x86_64-debian-clang 1.1.6 33.95 61.99 95.94 OK
r-devel-linux-x86_64-debian-gcc 1.1.6 26.24 49.13 75.37 OK
r-devel-linux-x86_64-fedora-clang 1.1.6 125.86 NOTE
r-devel-linux-x86_64-fedora-gcc 1.1.6 116.03 NOTE
r-devel-windows-ix86+x86_64 1.1.6 92.00 133.00 225.00 OK
r-patched-linux-x86_64 1.1.6 30.57 58.13 88.70 OK
r-patched-solaris-x86 1.1.6 141.20 OK
r-release-linux-x86_64 1.1.6 0.35 2.02 2.37 ERROR
r-release-windows-ix86+x86_64 1.1.6 58.00 100.00 158.00 OK
r-release-osx-x86_64 1.1.6 OK
r-oldrel-windows-ix86+x86_64 1.1.6 73.00 117.00 190.00 OK
r-oldrel-osx-x86_64 1.1.6 OK

Check Details

Version: 1.1.6
Check: compiled code
Result: NOTE
    File ‘drgee/libs/drgee.so’:
     Found no calls to: ‘R_registerRoutines’, ‘R_useDynamicSymbols’
    
    It is good practice to register native routines and to disable symbol
    search.
    
    See ‘Writing portable packages’ in the ‘Writing R Extensions’ manual.
Flavors: r-devel-linux-x86_64-fedora-clang, r-devel-linux-x86_64-fedora-gcc

Version: 1.1.6
Check: whether package can be installed
Result: ERROR
    Installation failed.
Flavor: r-release-linux-x86_64