CRAN Package Check Results for Package drgee

Last updated on 2018-12-09 20:46:26 CET.

Flavor Version Tinstall Tcheck Ttotal Status Flags
r-devel-linux-x86_64-debian-clang 1.1.6 32.37 60.89 93.26 OK
r-devel-linux-x86_64-debian-gcc 1.1.6 26.41 47.82 74.23 OK
r-devel-linux-x86_64-fedora-clang 1.1.6 120.02 NOTE
r-devel-linux-x86_64-fedora-gcc 1.1.6 123.22 NOTE
r-devel-windows-ix86+x86_64 1.1.6 68.00 99.00 167.00 OK
r-patched-linux-x86_64 1.1.6 31.99 58.27 90.26 OK
r-patched-solaris-x86 1.1.6 153.20 OK
r-release-linux-x86_64 1.1.6 32.95 58.14 91.09 OK
r-release-windows-ix86+x86_64 1.1.6 70.00 99.00 169.00 OK
r-release-osx-x86_64 1.1.6 OK
r-oldrel-windows-ix86+x86_64 1.1.6 49.00 123.00 172.00 OK
r-oldrel-osx-x86_64 1.1.6 OK

Check Details

Version: 1.1.6
Check: compiled code
Result: NOTE
    File ‘drgee/libs/drgee.so’:
     Found no calls to: ‘R_registerRoutines’, ‘R_useDynamicSymbols’
    
    It is good practice to register native routines and to disable symbol
    search.
    
    See ‘Writing portable packages’ in the ‘Writing R Extensions’ manual.
Flavors: r-devel-linux-x86_64-fedora-clang, r-devel-linux-x86_64-fedora-gcc