CRAN Package Check Results for Package drgee

Last updated on 2018-04-26 22:46:50 CEST.

Flavor Version Tinstall Tcheck Ttotal Status Flags
r-devel-linux-x86_64-debian-clang 1.1.6 30.68 53.84 84.52 NOTE
r-devel-linux-x86_64-debian-gcc 1.1.6 24.01 46.34 70.35 NOTE
r-devel-linux-x86_64-fedora-clang 1.1.6 113.57 NOTE
r-devel-linux-x86_64-fedora-gcc 1.1.6 105.71 NOTE
r-devel-windows-ix86+x86_64 1.1.6 67.00 91.00 158.00 OK
r-patched-linux-x86_64 1.1.6 27.09 57.20 84.29 NOTE
r-patched-solaris-x86 1.1.6 139.40 OK
r-release-linux-x86_64 1.1.6 31.52 57.37 88.89 NOTE
r-release-windows-ix86+x86_64 1.1.6 67.00 91.00 158.00 OK
r-release-osx-x86_64 1.1.6 OK
r-oldrel-windows-ix86+x86_64 1.1.6 46.00 132.00 178.00 OK
r-oldrel-osx-x86_64 1.1.6 OK

Check Details

Version: 1.1.6
Check: compiled code
Result: NOTE
    File ‘drgee/libs/drgee.so’:
     Found no calls to: ‘R_registerRoutines’, ‘R_useDynamicSymbols’
    
    It is good practice to register native routines and to disable symbol
    search.
    
    See ‘Writing portable packages’ in the ‘Writing R Extensions’ manual.
Flavors: r-devel-linux-x86_64-debian-clang, r-devel-linux-x86_64-debian-gcc, r-devel-linux-x86_64-fedora-clang, r-devel-linux-x86_64-fedora-gcc, r-patched-linux-x86_64, r-release-linux-x86_64