CRAN Package Check Results for Package drgee

Last updated on 2018-09-19 09:47:02 CEST.

Flavor Version Tinstall Tcheck Ttotal Status Flags
r-devel-linux-x86_64-debian-clang 1.1.6 28.66 70.57 99.23 NOTE
r-devel-linux-x86_64-debian-gcc 1.1.6 28.74 55.89 84.63 NOTE
r-devel-linux-x86_64-fedora-clang 1.1.6 143.65 NOTE
r-devel-linux-x86_64-fedora-gcc 1.1.6 124.57 NOTE
r-devel-windows-ix86+x86_64 1.1.6 57.00 153.00 210.00 OK
r-patched-linux-x86_64 1.1.6 31.02 58.09 89.11 NOTE
r-patched-solaris-x86 1.1.6 138.10 OK
r-release-linux-x86_64 1.1.6 31.48 58.15 89.63 NOTE
r-release-windows-ix86+x86_64 1.1.6 82.00 92.00 174.00 OK
r-release-osx-x86_64 1.1.6 OK
r-oldrel-windows-ix86+x86_64 1.1.6 48.00 91.00 139.00 OK
r-oldrel-osx-x86_64 1.1.6 OK

Check Details

Version: 1.1.6
Check: compiled code
Result: NOTE
    File ‘drgee/libs/drgee.so’:
     Found no calls to: ‘R_registerRoutines’, ‘R_useDynamicSymbols’
    
    It is good practice to register native routines and to disable symbol
    search.
    
    See ‘Writing portable packages’ in the ‘Writing R Extensions’ manual.
Flavors: r-devel-linux-x86_64-debian-clang, r-devel-linux-x86_64-debian-gcc, r-devel-linux-x86_64-fedora-clang, r-devel-linux-x86_64-fedora-gcc, r-patched-linux-x86_64, r-release-linux-x86_64