CRAN Package Check Results for Package drgee

Last updated on 2018-07-16 15:48:47 CEST.

Flavor Version Tinstall Tcheck Ttotal Status Flags
r-devel-linux-x86_64-debian-clang 1.1.6 31.65 63.08 94.73 NOTE
r-devel-linux-x86_64-debian-gcc 1.1.6 24.70 55.28 79.98 NOTE
r-devel-linux-x86_64-fedora-clang 1.1.6 131.16 NOTE
r-devel-linux-x86_64-fedora-gcc 1.1.6 121.21 NOTE
r-devel-windows-ix86+x86_64 1.1.6 74.00 102.00 176.00 OK
r-patched-linux-x86_64 1.1.6 34.93 59.11 94.04 NOTE
r-patched-solaris-x86 1.1.6 139.70 OK
r-release-linux-x86_64 1.1.6 30.59 58.40 88.99 NOTE
r-release-windows-ix86+x86_64 1.1.6 74.00 98.00 172.00 OK
r-release-osx-x86_64 1.1.6 OK
r-oldrel-windows-ix86+x86_64 1.1.6 51.00 88.00 139.00 OK
r-oldrel-osx-x86_64 1.1.6 OK

Check Details

Version: 1.1.6
Check: compiled code
Result: NOTE
    File ‘drgee/libs/drgee.so’:
     Found no calls to: ‘R_registerRoutines’, ‘R_useDynamicSymbols’
    
    It is good practice to register native routines and to disable symbol
    search.
    
    See ‘Writing portable packages’ in the ‘Writing R Extensions’ manual.
Flavors: r-devel-linux-x86_64-debian-clang, r-devel-linux-x86_64-debian-gcc, r-devel-linux-x86_64-fedora-clang, r-devel-linux-x86_64-fedora-gcc, r-patched-linux-x86_64, r-release-linux-x86_64