CRAN Package Check Results for Package drifter

Last updated on 2021-10-16 15:50:43 CEST.

Flavor Version Tinstall Tcheck Ttotal Status Flags
r-devel-linux-x86_64-debian-clang 0.2.1 5.33 98.34 103.67 NOTE
r-devel-linux-x86_64-debian-gcc 0.2.1 4.17 76.17 80.34 NOTE
r-devel-linux-x86_64-fedora-clang 0.2.1 129.71 NOTE
r-devel-linux-x86_64-fedora-gcc 0.2.1 113.92 NOTE
r-devel-windows-x86_64 0.2.1 8.00 68.00 76.00 NOTE
r-devel-windows-x86_64-gcc10-UCRT 0.2.1 NOTE
r-patched-linux-x86_64 0.2.1 5.36 90.65 96.01 NOTE
r-patched-solaris-x86 0.2.1 256.00 NOTE
r-release-linux-x86_64 0.2.1 3.48 89.87 93.35 NOTE
r-release-macos-arm64 0.2.1 NOTE
r-release-macos-x86_64 0.2.1 NOTE
r-release-windows-ix86+x86_64 0.2.1 13.00 88.00 101.00 NOTE
r-oldrel-macos-x86_64 0.2.1 OK
r-oldrel-windows-ix86+x86_64 0.2.1 14.00 89.00 103.00 OK

Check Details

Version: 0.2.1
Check: LazyData
Result: NOTE
     'LazyData' is specified without a 'data' directory
Flavors: r-devel-linux-x86_64-debian-clang, r-devel-linux-x86_64-debian-gcc, r-devel-linux-x86_64-fedora-clang, r-devel-linux-x86_64-fedora-gcc, r-devel-windows-x86_64, r-devel-windows-x86_64-gcc10-UCRT, r-patched-linux-x86_64, r-patched-solaris-x86, r-release-linux-x86_64, r-release-macos-arm64, r-release-macos-x86_64, r-release-windows-ix86+x86_64