CRAN Package Check Results for Package drmdel

Last updated on 2021-10-18 22:56:03 CEST.

Flavor Version Tinstall Tcheck Ttotal Status Flags
r-devel-linux-x86_64-debian-clang 1.3.1 9.38 30.44 39.82 WARN
r-devel-linux-x86_64-debian-gcc 1.3.1 4.50 24.17 28.67 WARN
r-devel-linux-x86_64-fedora-clang 1.3.1 60.07 WARN
r-devel-linux-x86_64-fedora-gcc 1.3.1 5.67 ERROR
r-devel-windows-x86_64 1.3.1 5.00 4.00 9.00 ERROR
r-devel-windows-x86_64-gcc10-UCRT 1.3.1 ERROR
r-patched-linux-x86_64 1.3.1 6.09 30.42 36.51 NOTE
r-patched-solaris-x86 1.3.1 64.10 NOTE
r-release-linux-x86_64 1.3.1 5.67 30.38 36.05 NOTE
r-release-macos-arm64 1.3.1 NOTE
r-release-macos-x86_64 1.3.1 NOTE
r-release-windows-ix86+x86_64 1.3.1 15.00 44.00 59.00 NOTE
r-oldrel-macos-x86_64 1.3.1 NOTE
r-oldrel-windows-ix86+x86_64 1.3.1 12.00 44.00 56.00 NOTE

Additional issues

M1mac M1mac

Check Details

Version: 1.3.1
Check: whether package can be installed
Result: WARN
    Found the following significant warnings:
     utilities.c:23:5: warning: implicit declaration of function 'error' is invalid in C99 [-Wimplicit-function-declaration]
Flavors: r-devel-linux-x86_64-debian-clang, r-devel-linux-x86_64-fedora-clang

Version: 1.3.1
Check: R code for possible problems
Result: NOTE
    cdfDRM: no visible global function definition for 'tail'
    densityDRM: no visible binding for global variable 'density'
    drmdel: no visible binding for global variable 'optim'
    drmdel: no visible global function definition for 'pchisq'
    quantEst: no visible global function definition for 'tail'
    quantileCompWald: no visible global function definition for 'pchisq'
    quantileCompWald: no visible global function definition for 'p.adjust'
    quantileDRM: no visible global function definition for 'tail'
    quantileDRM: no visible global function definition for 'density'
    Undefined global functions or variables:
     density optim p.adjust pchisq tail
    Consider adding
     importFrom("stats", "density", "optim", "p.adjust", "pchisq")
     importFrom("utils", "tail")
    to your NAMESPACE file.
Flavors: r-devel-linux-x86_64-debian-clang, r-devel-linux-x86_64-debian-gcc, r-devel-linux-x86_64-fedora-clang, r-patched-linux-x86_64, r-patched-solaris-x86, r-release-linux-x86_64, r-release-macos-arm64, r-release-macos-x86_64, r-release-windows-ix86+x86_64, r-oldrel-macos-x86_64, r-oldrel-windows-ix86+x86_64

Version: 1.3.1
Check: whether package can be installed
Result: WARN
    Found the following significant warnings:
     utilities.c:23:5: warning: implicit declaration of function ‘error’ [-Wimplicit-function-declaration]
Flavor: r-devel-linux-x86_64-debian-gcc

Version: 1.3.1
Check: compiled code
Result: NOTE
    File ‘drmdel/libs/drmdel.so’:
     Found no calls to: ‘R_registerRoutines’, ‘R_useDynamicSymbols’
    
    It is good practice to register native routines and to disable symbol
    search.
    
    See ‘Writing portable packages’ in the ‘Writing R Extensions’ manual.
Flavor: r-devel-linux-x86_64-fedora-clang

Version: 1.3.1
Check: whether package can be installed
Result: ERROR
    Installation failed.
Flavors: r-devel-linux-x86_64-fedora-gcc, r-devel-windows-x86_64, r-devel-windows-x86_64-gcc10-UCRT