CRAN Package Check Results for Package drumr

Last updated on 2021-09-16 22:55:28 CEST.

Flavor Version Tinstall Tcheck Ttotal Status Flags
r-devel-linux-x86_64-debian-clang 0.1.0 1.98 21.28 23.26 NOTE
r-devel-linux-x86_64-debian-gcc 0.1.0 1.69 17.22 18.91 NOTE
r-devel-linux-x86_64-fedora-clang 0.1.0 37.84 NOTE
r-devel-linux-x86_64-fedora-gcc 0.1.0 26.97 NOTE
r-devel-windows-x86_64 0.1.0 5.00 40.00 45.00 NOTE
r-devel-windows-x86_64-gcc10-UCRT 0.1.0 NOTE
r-patched-linux-x86_64 0.1.0 2.64 21.02 23.66 NOTE
r-patched-solaris-x86 0.1.0 48.10 NOTE
r-release-linux-x86_64 0.1.0 2.64 21.21 23.85 NOTE
r-release-macos-arm64 0.1.0 NOTE
r-release-macos-x86_64 0.1.0 NOTE
r-release-windows-ix86+x86_64 0.1.0 6.00 29.00 35.00 NOTE
r-oldrel-macos-x86_64 0.1.0 OK
r-oldrel-windows-ix86+x86_64 0.1.0 5.00 36.00 41.00 OK

Check Details

Version: 0.1.0
Check: LazyData
Result: NOTE
     'LazyData' is specified without a 'data' directory
Flavors: r-devel-linux-x86_64-debian-clang, r-devel-linux-x86_64-debian-gcc, r-devel-linux-x86_64-fedora-clang, r-devel-linux-x86_64-fedora-gcc, r-devel-windows-x86_64, r-devel-windows-x86_64-gcc10-UCRT, r-patched-linux-x86_64, r-patched-solaris-x86, r-release-linux-x86_64, r-release-macos-arm64, r-release-macos-x86_64, r-release-windows-ix86+x86_64