CRAN Package Check Results for Package drumr

Last updated on 2024-06-20 22:50:43 CEST.

Flavor Version Tinstall Tcheck Ttotal Status Flags
r-devel-linux-x86_64-debian-clang 0.1.0 5.49 30.07 35.56 NOTE
r-devel-linux-x86_64-debian-gcc 0.1.0 2.95 22.91 25.86 NOTE
r-devel-linux-x86_64-fedora-clang 0.1.0 41.01 NOTE
r-devel-linux-x86_64-fedora-gcc 0.1.0 42.17 NOTE
r-devel-windows-x86_64 0.1.0 5.00 44.00 49.00 NOTE
r-patched-linux-x86_64 0.1.0 4.87 29.06 33.93 NOTE
r-release-linux-x86_64 0.1.0 5.07 28.98 34.05 NOTE
r-release-macos-arm64 0.1.0 19.00 NOTE
r-release-macos-x86_64 0.1.0 26.00 NOTE
r-release-windows-x86_64 0.1.0 6.00 46.00 52.00 NOTE
r-oldrel-macos-arm64 0.1.0 19.00 NOTE
r-oldrel-macos-x86_64 0.1.0 24.00 NOTE
r-oldrel-windows-x86_64 0.1.0 6.00 47.00 53.00 NOTE

Check Details

Version: 0.1.0
Check: LazyData
Result: NOTE 'LazyData' is specified without a 'data' directory Flavors: r-devel-linux-x86_64-debian-clang, r-devel-linux-x86_64-debian-gcc, r-devel-linux-x86_64-fedora-clang, r-devel-linux-x86_64-fedora-gcc, r-devel-windows-x86_64, r-patched-linux-x86_64, r-release-linux-x86_64, r-release-macos-arm64, r-release-macos-x86_64, r-release-windows-x86_64, r-oldrel-macos-arm64, r-oldrel-macos-x86_64, r-oldrel-windows-x86_64