CRAN Package Check Results for Package ds4psy

Last updated on 2019-09-23 19:47:25 CEST.

Flavor Version Tinstall Tcheck Ttotal Status Flags
r-devel-linux-x86_64-debian-clang 0.1.0 5.69 52.84 58.53 OK
r-devel-linux-x86_64-debian-gcc 0.1.0 4.84 40.77 45.61 OK
r-devel-linux-x86_64-fedora-clang 0.1.0 67.50 NOTE
r-devel-linux-x86_64-fedora-gcc 0.1.0 66.56 NOTE
r-devel-windows-ix86+x86_64 0.1.0 34.00 114.00 148.00 OK
r-patched-linux-x86_64 0.1.0 4.60 49.34 53.94 OK
r-patched-solaris-x86 0.1.0 100.10 NOTE
r-release-linux-x86_64 0.1.0 5.42 50.63 56.05 OK
r-release-windows-ix86+x86_64 0.1.0 30.00 98.00 128.00 OK
r-release-osx-x86_64 0.1.0 NOTE
r-oldrel-windows-ix86+x86_64 0.1.0 8.00 74.00 82.00 OK
r-oldrel-osx-x86_64 0.1.0 NOTE

Check Details

Version: 0.1.0
Check: dependencies in R code
Result: NOTE
    Namespaces in Imports field not imported from:
     ‘readr’ ‘tidyr’ ‘tidyverse’
     All declared Imports should be used.
Flavors: r-devel-linux-x86_64-fedora-clang, r-devel-linux-x86_64-fedora-gcc, r-patched-solaris-x86, r-release-osx-x86_64, r-oldrel-osx-x86_64