CRAN Package Check Results for Package dsa

Last updated on 2019-02-19 16:50:04 CET.

Flavor Version Tinstall Tcheck Ttotal Status Flags
r-devel-linux-x86_64-debian-clang 0.61.7 6.29 74.34 80.63 OK
r-devel-linux-x86_64-debian-gcc 0.61.7 5.79 53.31 59.10 OK
r-devel-linux-x86_64-fedora-clang 0.61.7 96.36 NOTE
r-devel-linux-x86_64-fedora-gcc 0.61.7 88.51 NOTE
r-devel-windows-ix86+x86_64 0.61.7 13.00 107.00 120.00 OK
r-patched-linux-x86_64 0.61.7 4.35 67.78 72.13 OK
r-patched-solaris-x86 0.61.7 133.60 NOTE
r-release-linux-x86_64 0.61.7 5.76 67.23 72.99 OK
r-release-windows-ix86+x86_64 0.61.7 8.00 116.00 124.00 OK
r-release-osx-x86_64 0.61.7 NOTE
r-oldrel-windows-ix86+x86_64 0.61.7 5.00 106.00 111.00 OK
r-oldrel-osx-x86_64 0.61.7 NOTE

Check Details

Version: 0.61.7
Check: dependencies in R code
Result: NOTE
    Namespaces in Imports field not imported from:
     ‘rJava’ ‘tools’ ‘xtable’
     All declared Imports should be used.
Flavors: r-devel-linux-x86_64-fedora-clang, r-devel-linux-x86_64-fedora-gcc, r-patched-solaris-x86, r-release-osx-x86_64, r-oldrel-osx-x86_64