CRAN Package Check Results for Package dsa

Last updated on 2018-12-10 20:48:00 CET.

Flavor Version Tinstall Tcheck Ttotal Status Flags
r-devel-linux-x86_64-debian-clang 0.60.32 6.75 70.43 77.18 OK
r-devel-linux-x86_64-debian-gcc 0.60.32 3.92 51.41 55.33 OK
r-devel-linux-x86_64-fedora-clang 0.60.32 90.41 NOTE
r-devel-linux-x86_64-fedora-gcc 0.60.32 82.62 NOTE
r-devel-windows-ix86+x86_64 0.60.32 13.00 79.00 92.00 OK
r-patched-linux-x86_64 0.60.32 6.60 64.59 71.19 OK
r-patched-solaris-x86 0.60.32 130.90 NOTE
r-release-linux-x86_64 0.60.32 4.15 65.06 69.21 OK
r-release-windows-ix86+x86_64 0.60.32 9.00 78.00 87.00 OK
r-release-osx-x86_64 0.60.32 NOTE
r-oldrel-windows-ix86+x86_64 0.60.32 4.00 89.00 93.00 OK
r-oldrel-osx-x86_64 0.60.32 NOTE

Check Details

Version: 0.60.32
Check: dependencies in R code
Result: NOTE
    Namespaces in Imports field not imported from:
     ‘rJava’ ‘tools’ ‘xtable’
     All declared Imports should be used.
Flavors: r-devel-linux-x86_64-fedora-clang, r-devel-linux-x86_64-fedora-gcc, r-patched-solaris-x86, r-release-osx-x86_64, r-oldrel-osx-x86_64