CRAN Package Check Results for Package dsfa

Last updated on 2023-02-08 04:51:56 CET.

Flavor Version Tinstall Tcheck Ttotal Status Flags
r-devel-linux-x86_64-debian-clang 2.0.0 311.70 66.43 378.13 OK
r-devel-linux-x86_64-debian-gcc 2.0.0 286.12 66.46 352.58 WARN
r-devel-linux-x86_64-fedora-clang 2.0.0 483.40 OK
r-devel-linux-x86_64-fedora-gcc 2.0.0 565.72 WARN
r-devel-windows-x86_64 2.0.0 249.00 130.00 379.00 OK
r-patched-linux-x86_64 2.0.0 292.59 72.77 365.36 OK
r-release-linux-x86_64 2.0.0 294.21 67.75 361.96 OK
r-release-macos-arm64 2.0.0 128.00 ERROR
r-release-macos-x86_64 2.0.0 173.00 ERROR
r-release-windows-x86_64 1.0.1 25.00 110.00 135.00 OK
r-oldrel-macos-arm64 2.0.0 135.00 ERROR
r-oldrel-macos-x86_64 2.0.0 181.00 ERROR
r-oldrel-windows-ix86+x86_64 2.0.0 632.00 17.00 649.00 ERROR

Additional issues

gcc12

Check Details

Version: 2.0.0
Check: whether package can be installed
Result: WARN
    Found the following significant warnings:
     /usr/include/x86_64-linux-gnu/bits/string_fortified.h:59:33: warning: ‘void* __builtin_memset(void*, int, long unsigned int)’ forming offset [112, 115] is out of the bounds [0, 112] of object ‘i_end’ with type ‘arma::uvec’ {aka ‘arma::Col<unsigned int>’} [-Warray-bounds]
    See ‘/home/hornik/tmp/R.check/r-devel-gcc/Work/PKGS/dsfa.Rcheck/00install.out’ for details.
    * used C++ compiler: ‘g++-12 (Debian 12.2.0-14) 12.2.0’
Flavor: r-devel-linux-x86_64-debian-gcc

Version: 2.0.0
Check: whether package can be installed
Result: WARN
    Found the following significant warnings:
     /usr/include/bits/string_fortified.h:59:33: warning: ‘void* __builtin_memset(void*, int, long unsigned int)’ forming offset [112, 115] is out of the bounds [0, 112] of object ‘i_end’ with type ‘arma::uvec’ {aka ‘arma::Col<unsigned int>’} [-Warray-bounds]
    See ‘/data/gannet/ripley/R/packages/tests-devel/dsfa.Rcheck/00install.out’ for details.
    * used C++ compiler: ‘g++ (GCC) 12.2.1 20221121 (Red Hat 12.2.1-4)’
Flavor: r-devel-linux-x86_64-fedora-gcc

Version: 2.0.0
Check: installed package size
Result: NOTE
     installed size is 66.9Mb
     sub-directories of 1Mb or more:
     libs 66.5Mb
Flavors: r-release-macos-arm64, r-release-macos-x86_64, r-oldrel-macos-arm64, r-oldrel-macos-x86_64

Version: 2.0.0
Check: PDF version of manual
Result: WARN
    LaTeX errors when creating PDF version.
    This typically indicates Rd problems.
    LaTeX errors found:
    ! Undefined control sequence.
    <argument> f:\mathbb
     {R}^K \to \mathbb {R}^L, (x_{n1},x_{n2},...,x_{nK}) \ma...
    l.2282 ...) \mapsto f(x_{n1},x_{n2},...,x_{nK})}{}
     be differentiable up to o...
    ! Undefined control sequence.
    <argument> f:\mathbb {R}^K \to \mathbb
     {R}^L, (x_{n1},x_{n2},...,x_{nK}) \ma...
    l.2282 ...) \mapsto f(x_{n1},x_{n2},...,x_{nK})}{}
     be differentiable up to o...
Flavors: r-release-macos-arm64, r-release-macos-x86_64

Version: 2.0.0
Check: PDF version of manual without index
Result: ERROR
Flavors: r-release-macos-arm64, r-release-macos-x86_64

Version: 2.0.0
Check: PDF version of manual
Result: WARN
    LaTeX errors when creating PDF version.
    This typically indicates Rd problems.
    LaTeX errors found:
    ! Undefined control sequence.
    <argument> f:\mathbb
     {R}^K \to \mathbb {R}^L, (x_{n1},x_{n2},...,x_{nK}) \ma...
    l.2280 ...) \mapsto f(x_{n1},x_{n2},...,x_{nK})}{}
     be differentiable up to o...
    ! Undefined control sequence.
    <argument> f:\mathbb {R}^K \to \mathbb
     {R}^L, (x_{n1},x_{n2},...,x_{nK}) \ma...
    l.2280 ...) \mapsto f(x_{n1},x_{n2},...,x_{nK})}{}
     be differentiable up to o...
Flavors: r-oldrel-macos-arm64, r-oldrel-macos-x86_64

Version: 2.0.0
Check: PDF version of manual without hyperrefs or index
Result: ERROR
Flavors: r-oldrel-macos-arm64, r-oldrel-macos-x86_64

Version: 2.0.0
Check: whether package can be installed
Result: ERROR
    Installation failed.
Flavor: r-oldrel-windows-ix86+x86_64