CRAN Package Check Results for Package dslabs

Last updated on 2021-12-08 15:50:43 CET.

Flavor Version Tinstall Tcheck Ttotal Status Flags
r-devel-linux-x86_64-debian-clang 0.7.4 4.58 36.87 41.45 OK
r-devel-linux-x86_64-debian-gcc 0.7.4 2.85 29.11 31.96 OK
r-devel-linux-x86_64-fedora-clang 0.7.4 51.19 NOTE
r-devel-linux-x86_64-fedora-gcc 0.7.4 40.36 NOTE
r-devel-windows-x86_64-new-UL 0.7.4 14.00 69.00 83.00 OK
r-devel-windows-x86_64-new-TK 0.7.4 NOTE
r-devel-windows-x86_64-old 0.7.4 8.00 51.00 59.00 OK
r-patched-linux-x86_64 0.7.4 4.40 34.86 39.26 OK
r-release-linux-x86_64 0.7.4 4.40 34.58 38.98 OK
r-release-macos-arm64 0.7.4 NOTE
r-release-macos-x86_64 0.7.4 NOTE
r-release-windows-ix86+x86_64 0.7.4 7.00 49.00 56.00 OK
r-oldrel-macos-x86_64 0.7.4 NOTE
r-oldrel-windows-ix86+x86_64 0.7.4 9.00 50.00 59.00 OK

Check Details

Version: 0.7.4
Check: data for non-ASCII characters
Result: NOTE
     Note: found 4891 marked UTF-8 strings
Flavors: r-devel-linux-x86_64-fedora-clang, r-devel-linux-x86_64-fedora-gcc, r-devel-windows-x86_64-new-TK, r-release-macos-arm64, r-release-macos-x86_64, r-oldrel-macos-x86_64