Last updated on 2022-05-25 14:52:51 CEST.
Flavor | Version | Tinstall | Tcheck | Ttotal | Status | Flags |
---|---|---|---|---|---|---|
r-devel-linux-x86_64-debian-clang | 0.2.1 | 12.16 | 125.54 | 137.70 | NOTE | |
r-devel-linux-x86_64-debian-gcc | 0.2.1 | 9.14 | 95.26 | 104.40 | NOTE | |
r-devel-linux-x86_64-fedora-clang | 0.2.1 | 163.50 | OK | |||
r-devel-linux-x86_64-fedora-gcc | 0.2.1 | 158.66 | OK | |||
r-devel-windows-x86_64 | 0.2.1 | 22.00 | 139.00 | 161.00 | OK | |
r-patched-linux-x86_64 | 0.2.1 | 10.64 | 115.85 | 126.49 | OK | |
r-release-linux-x86_64 | 0.2.1 | OK | ||||
r-release-macos-arm64 | 0.2.1 | 46.00 | OK | |||
r-release-macos-x86_64 | 0.2.1 | 78.00 | OK | |||
r-release-windows-x86_64 | 0.2.1 | 25.00 | 140.00 | 165.00 | OK | |
r-oldrel-macos-arm64 | 0.2.1 | 49.00 | OK | |||
r-oldrel-macos-x86_64 | 0.2.1 | 80.00 | OK | |||
r-oldrel-windows-ix86+x86_64 | 0.2.1 | 28.00 | 132.00 | 160.00 | OK |
Version: 0.2.1
Check: HTML version of manual
Result: NOTE
Found the following problems:
dsrTest-package.Rd:172:200: Warning: <a> escaping malformed URI reference
dsrTest-package.Rd:172:200: Warning: <a> illegal characters found in URI
Flavors: r-devel-linux-x86_64-debian-clang, r-devel-linux-x86_64-debian-gcc