CRAN Package Check Results for Package dstat2x2xk

Last updated on 2022-12-06 20:51:50 CET.

Flavor Version Tinstall Tcheck Ttotal Status Flags
r-devel-linux-x86_64-debian-clang 0.2.0 1.92 24.74 26.66 OK
r-devel-linux-x86_64-debian-gcc 0.2.0 1.54 19.29 20.83 OK
r-devel-linux-x86_64-fedora-clang 0.2.0 44.19 NOTE
r-devel-linux-x86_64-fedora-gcc 0.2.0 42.36 OK
r-devel-windows-x86_64 0.2.0 10.00 60.00 70.00 OK
r-patched-linux-x86_64 0.2.0 1.79 23.10 24.89 OK
r-release-linux-x86_64 0.2.0 1.72 23.46 25.18 OK
r-release-macos-arm64 0.2.0 16.00 OK
r-release-macos-x86_64 0.2.0 21.00 OK
r-release-windows-x86_64 0.2.0 13.00 54.00 67.00 OK
r-oldrel-macos-arm64 0.2.0 14.00 OK
r-oldrel-macos-x86_64 0.2.0 24.00 OK
r-oldrel-windows-ix86+x86_64 0.2.0 5.00 50.00 55.00 OK

Check Details

Version: 0.2.0
Check: Rd cross-references
Result: NOTE
    Undeclared packages ‘dstat’, ‘sensitivity2x2xk’ in Rd xrefs
Flavor: r-devel-linux-x86_64-fedora-clang