Last updated on 2023-03-31 22:59:29 CEST.
Flavor | Version | Tinstall | Tcheck | Ttotal | Status | Flags |
---|---|---|---|---|---|---|
r-devel-linux-x86_64-debian-clang | 0.1.0 | 25.51 | 62.35 | 87.86 | NOTE | |
r-devel-linux-x86_64-debian-gcc | 0.1.0 | 18.24 | 46.25 | 64.49 | NOTE | |
r-devel-linux-x86_64-fedora-clang | 0.1.0 | 114.53 | NOTE | |||
r-devel-linux-x86_64-fedora-gcc | 0.1.0 | 101.50 | NOTE | |||
r-devel-windows-x86_64 | 0.1.0 | 35.00 | 0.00 | 35.00 | NOTE | |
r-patched-linux-x86_64 | 0.1.0 | 20.03 | 57.66 | 77.69 | NOTE | |
r-release-linux-x86_64 | 0.1.0 | 21.10 | 58.09 | 79.19 | OK | |
r-release-macos-arm64 | 0.1.0 | 32.00 | OK | |||
r-release-macos-x86_64 | 0.1.0 | 43.00 | OK | |||
r-release-windows-x86_64 | 0.1.0 | 30.00 | 108.00 | 138.00 | OK | |
r-oldrel-macos-arm64 | 0.1.0 | 36.00 | OK | |||
r-oldrel-macos-x86_64 | 0.1.0 | 41.00 | OK | |||
r-oldrel-windows-ix86+x86_64 | 0.1.0 | 61.00 | 114.00 | 175.00 | OK |
Version: 0.1.0
Check: C++ specification
Result: NOTE
Specified C++11: please drop specification unless essential
Flavors: r-devel-linux-x86_64-debian-clang, r-devel-linux-x86_64-debian-gcc, r-devel-linux-x86_64-fedora-clang, r-devel-linux-x86_64-fedora-gcc, r-devel-windows-x86_64, r-patched-linux-x86_64