CRAN Package Check Results for Package dtwSat

Last updated on 2021-09-22 21:52:37 CEST.

Flavor Version Tinstall Tcheck Ttotal Status Flags
r-devel-linux-x86_64-debian-clang 0.2.7 34.18 238.89 273.07 OK
r-devel-linux-x86_64-debian-gcc 0.2.7 25.79 179.49 205.28 OK
r-devel-linux-x86_64-fedora-clang 0.2.7 347.09 OK
r-devel-linux-x86_64-fedora-gcc 0.2.7 297.43 OK
r-devel-windows-x86_64 0.2.6 37.00 183.00 220.00 ERROR --no-vignettes
r-devel-windows-x86_64-gcc10-UCRT 0.2.7 ERROR
r-patched-linux-x86_64 0.2.7 29.22 226.70 255.92 OK
r-patched-solaris-x86 0.2.7 424.90 OK
r-release-linux-x86_64 0.2.6 29.17 228.09 257.26 OK
r-release-macos-arm64 0.2.6 OK
r-release-macos-x86_64 0.2.7 OK
r-release-windows-ix86+x86_64 0.2.7 74.00 237.00 311.00 OK --no-vignettes
r-oldrel-macos-x86_64 0.2.7 OK
r-oldrel-windows-ix86+x86_64 0.2.7 61.00 227.00 288.00 OK --no-vignettes

Check Details

Version: 0.2.6
Flags: --no-vignettes
Check: examples
Result: ERROR
    Running examples in 'dtwSat-Ex.R' failed
    The error most likely occurred in:
    
    > ### Name: plotCostMatrix
    > ### Title: Plotting paths
    > ### Aliases: plotCostMatrix
    >
    > ### ** Examples
    >
    > log_fun = logisticWeight(-0.1, 100)
    > ts = twdtwTimeSeries(MOD13Q1.ts.list)
    > patt = twdtwTimeSeries(MOD13Q1.patterns.list)
    > mat1 = twdtwApply(x=ts, y=patt, weight.fun=log_fun, keep=TRUE)
    >
    > plotCostMatrix(mat1, matrix.name="costMatrix")
    Warning in zoo(c(unique(df$Var3), rep(NA, length(y.labels))), timeline) :
     some methods for "zoo" objects do not work if the index entries in 'order.by' are not unique
    Warning in zoo(rval[i], index(x)[i]) :
     some methods for "zoo" objects do not work if the index entries in 'order.by' are not unique
    Warning in zoo(rval[i], index(x)[i]) :
     some methods for "zoo" objects do not work if the index entries in 'order.by' are not unique
    Error in data.frame(y.breaks, y.labels = names(y.labels)) :
     arguments imply differing number of rows: 7, 6
    Calls: plotCostMatrix -> do.call -> lapply -> FUN -> data.frame
    Execution halted
Flavor: r-devel-windows-x86_64

Version: 0.2.7
Check: package dependencies
Result: ERROR
    Package required but not available: 'rgdal'
    
    Packages suggested but not available for checking: 'png', 'Hmisc'
    
    See section 'The DESCRIPTION file' in the 'Writing R Extensions'
    manual.
Flavor: r-devel-windows-x86_64-gcc10-UCRT