CRAN Package Check Results for Package dtwclust

Last updated on 2022-07-04 04:54:23 CEST.

Flavor Version Tinstall Tcheck Ttotal Status Flags
r-devel-linux-x86_64-debian-clang 5.5.10 167.39 409.10 576.49 NOTE
r-devel-linux-x86_64-debian-gcc 5.5.10 135.50 296.10 431.60 NOTE
r-devel-linux-x86_64-fedora-clang 5.5.10 760.12 NOTE
r-devel-linux-x86_64-fedora-gcc 5.5.10 720.64 NOTE
r-devel-windows-x86_64 5.5.10 248.00 441.00 689.00 NOTE
r-patched-linux-x86_64 5.5.10 151.30 384.73 536.03 NOTE
r-release-linux-x86_64 5.5.10 148.98 376.35 525.33 NOTE
r-release-macos-arm64 5.5.10 222.00 NOTE
r-release-macos-x86_64 5.5.10 299.00 NOTE
r-release-windows-x86_64 5.5.10 221.00 458.00 679.00 NOTE
r-oldrel-macos-arm64 5.5.10 147.00 NOTE
r-oldrel-macos-x86_64 5.5.10 278.00 NOTE
r-oldrel-windows-ix86+x86_64 5.5.10 436.00 606.00 1042.00 NOTE

Check Details

Version: 5.5.10
Check: for GNU extensions in Makefiles
Result: NOTE
    GNU make is a SystemRequirements.
Flavors: r-devel-linux-x86_64-debian-clang, r-devel-linux-x86_64-debian-gcc, r-devel-linux-x86_64-fedora-clang, r-devel-linux-x86_64-fedora-gcc, r-devel-windows-x86_64, r-patched-linux-x86_64, r-release-linux-x86_64, r-release-macos-arm64, r-release-macos-x86_64, r-release-windows-x86_64, r-oldrel-macos-arm64, r-oldrel-macos-x86_64, r-oldrel-windows-ix86+x86_64

Version: 5.5.10
Check: installed package size
Result: NOTE
     installed size is 7.9Mb
     sub-directories of 1Mb or more:
     doc 2.4Mb
     libs 4.2Mb
Flavors: r-devel-linux-x86_64-fedora-clang, r-release-macos-arm64, r-release-macos-x86_64, r-oldrel-macos-arm64, r-oldrel-macos-x86_64, r-oldrel-windows-ix86+x86_64