CRAN Package Check Results for Package dualtrees

Last updated on 2024-05-29 07:58:00 CEST.

Flavor Version Tinstall Tcheck Ttotal Status Flags
r-devel-linux-x86_64-debian-clang 0.1.5 5.72 42.43 48.15 OK
r-devel-linux-x86_64-debian-gcc 0.1.5 2.97 31.99 34.96 OK
r-devel-linux-x86_64-fedora-clang 0.1.5 58.75 NOTE
r-devel-linux-x86_64-fedora-gcc 0.1.5 56.48 NOTE
r-devel-windows-x86_64 0.1.5 5.00 66.00 71.00 OK
r-patched-linux-x86_64 0.1.5 3.79 40.71 44.50 OK
r-release-linux-x86_64 0.1.5 3.84 42.53 46.37 OK
r-release-macos-arm64 0.1.5 25.00 OK
r-release-windows-x86_64 0.1.5 5.00 65.00 70.00 OK
r-oldrel-macos-arm64 0.1.5 122.00 OK
r-oldrel-macos-x86_64 0.1.5 68.00 OK
r-oldrel-windows-x86_64 0.1.5 8.00 67.00 75.00 OK

Check Details

Version: 0.1.5
Check: installed package size
Result: NOTE installed size is 5.1Mb sub-directories of 1Mb or more: libs 4.8Mb Flavor: r-devel-linux-x86_64-fedora-clang

Version: 0.1.5
Check: compiled code
Result: NOTE File ‘dualtrees/libs/dualtrees.so’: Found no calls to: ‘R_registerRoutines’, ‘R_useDynamicSymbols’ It is good practice to register native routines and to disable symbol search. See ‘Writing portable packages’ in the ‘Writing R Extensions’ manual. Flavors: r-devel-linux-x86_64-fedora-clang, r-devel-linux-x86_64-fedora-gcc