CRAN Package Check Results for Package duckduckr

Last updated on 2023-03-29 21:55:26 CEST.

Flavor Version Tinstall Tcheck Ttotal Status Flags
r-devel-linux-x86_64-debian-clang 1.0.0 1.72 22.16 23.88 NOTE
r-devel-linux-x86_64-debian-gcc 1.0.0 1.62 18.03 19.65 NOTE
r-devel-linux-x86_64-fedora-clang 1.0.0 31.31 NOTE
r-devel-linux-x86_64-fedora-gcc 1.0.0 29.20 NOTE
r-devel-windows-x86_64 1.0.0 9.00 59.00 68.00 NOTE
r-patched-linux-x86_64 1.0.0 1.69 22.15 23.84 NOTE
r-release-linux-x86_64 1.0.0 2.03 23.22 25.25 NOTE
r-release-macos-arm64 1.0.0 15.00 NOTE
r-release-macos-x86_64 1.0.0 22.00 NOTE
r-release-windows-x86_64 1.0.0 3.00 60.00 63.00 NOTE
r-oldrel-macos-arm64 1.0.0 34.00 NOTE
r-oldrel-macos-x86_64 1.0.0 27.00 NOTE
r-oldrel-windows-ix86+x86_64 1.0.0 4.00 53.00 57.00 NOTE

Check Details

Version: 1.0.0
Check: LazyData
Result: NOTE
     'LazyData' is specified without a 'data' directory
Flavors: r-devel-linux-x86_64-debian-clang, r-devel-linux-x86_64-debian-gcc, r-devel-linux-x86_64-fedora-clang, r-devel-linux-x86_64-fedora-gcc, r-devel-windows-x86_64, r-patched-linux-x86_64, r-release-linux-x86_64, r-release-macos-arm64, r-release-macos-x86_64, r-release-windows-x86_64, r-oldrel-macos-arm64, r-oldrel-macos-x86_64, r-oldrel-windows-ix86+x86_64

Version: 1.0.0
Check: dependencies in R code
Result: NOTE
    Initiating curl with CURL_SSL_BACKEND: openssl
Flavor: r-oldrel-windows-ix86+x86_64