CRAN Package Check Results for Package dvqcc

Last updated on 2021-10-17 07:50:40 CEST.

Flavor Version Tinstall Tcheck Ttotal Status Flags
r-devel-linux-x86_64-debian-clang 0.1.0 12.53 120.22 132.75 NOTE
r-devel-linux-x86_64-debian-gcc 0.1.0 10.24 87.21 97.45 NOTE
r-devel-linux-x86_64-fedora-clang 0.1.0 167.27 NOTE
r-devel-linux-x86_64-fedora-gcc 0.1.0 150.00 NOTE
r-devel-windows-x86_64 0.1.0 21.00 144.00 165.00 NOTE
r-devel-windows-x86_64-gcc10-UCRT 0.1.0 NOTE
r-patched-linux-x86_64 0.1.0 13.27 110.15 123.42 NOTE
r-patched-solaris-x86 0.1.0 208.20 NOTE
r-release-linux-x86_64 0.1.0 12.79 110.08 122.87 NOTE
r-release-macos-arm64 0.1.0 NOTE
r-release-macos-x86_64 0.1.0 NOTE
r-release-windows-ix86+x86_64 0.1.0 32.00 137.00 169.00 NOTE
r-oldrel-macos-x86_64 0.1.0 OK
r-oldrel-windows-ix86+x86_64 0.1.0 31.00 141.00 172.00 OK

Check Details

Version: 0.1.0
Check: LazyData
Result: NOTE
     'LazyData' is specified without a 'data' directory
Flavors: r-devel-linux-x86_64-debian-clang, r-devel-linux-x86_64-debian-gcc, r-devel-linux-x86_64-fedora-clang, r-devel-linux-x86_64-fedora-gcc, r-devel-windows-x86_64, r-devel-windows-x86_64-gcc10-UCRT, r-patched-linux-x86_64, r-patched-solaris-x86, r-release-linux-x86_64, r-release-macos-arm64, r-release-macos-x86_64, r-release-windows-ix86+x86_64