CRAN Package Check Results for Package dvqcc

Last updated on 2024-06-12 23:58:14 CEST.

Flavor Version Tinstall Tcheck Ttotal Status Flags
r-devel-linux-x86_64-debian-clang 0.1.0 14.91 128.28 143.19 NOTE
r-devel-linux-x86_64-debian-gcc 0.1.0 0.33 1.70 2.03 ERROR
r-devel-linux-x86_64-fedora-clang 0.1.0 173.44 NOTE
r-devel-linux-x86_64-fedora-gcc 0.1.0 163.61 NOTE
r-devel-windows-x86_64 0.1.0 12.00 98.00 110.00 NOTE
r-patched-linux-x86_64 0.1.0 14.00 122.45 136.45 NOTE
r-release-linux-x86_64 0.1.0 10.14 121.55 131.69 NOTE
r-release-macos-arm64 0.1.0 49.00 NOTE
r-release-macos-x86_64 0.1.0 73.00 NOTE
r-release-windows-x86_64 0.1.0 12.00 98.00 110.00 NOTE
r-oldrel-macos-arm64 0.1.0 52.00 NOTE
r-oldrel-macos-x86_64 0.1.0 90.00 NOTE
r-oldrel-windows-x86_64 0.1.0 17.00 122.00 139.00 NOTE

Check Details

Version: 0.1.0
Check: package subdirectories
Result: NOTE Problems with news in ‘NEWS.md’: No news entries found. Flavors: r-devel-linux-x86_64-debian-clang, r-devel-linux-x86_64-fedora-clang, r-devel-linux-x86_64-fedora-gcc, r-devel-windows-x86_64, r-patched-linux-x86_64, r-release-linux-x86_64, r-release-macos-arm64, r-release-macos-x86_64, r-release-windows-x86_64, r-oldrel-macos-arm64, r-oldrel-macos-x86_64, r-oldrel-windows-x86_64

Version: 0.1.0
Check: LazyData
Result: NOTE 'LazyData' is specified without a 'data' directory Flavors: r-devel-linux-x86_64-debian-clang, r-devel-linux-x86_64-fedora-clang, r-devel-linux-x86_64-fedora-gcc, r-devel-windows-x86_64, r-patched-linux-x86_64, r-release-linux-x86_64, r-release-macos-arm64, r-release-macos-x86_64, r-release-windows-x86_64, r-oldrel-macos-arm64, r-oldrel-macos-x86_64, r-oldrel-windows-x86_64

Version: 0.1.0
Check: package dependencies
Result: ERROR Packages required but not available: 'ggplot2', 'tsDyn' See section ‘The DESCRIPTION file’ in the ‘Writing R Extensions’ manual. Flavor: r-devel-linux-x86_64-debian-gcc