CRAN Package Check Results for Package dydea

Last updated on 2024-05-29 00:54:23 CEST.

Flavor Version Tinstall Tcheck Ttotal Status Flags
r-devel-linux-x86_64-debian-clang 0.1.0 2.43 39.84 42.27 NOTE
r-devel-linux-x86_64-debian-gcc 0.1.0 1.99 26.97 28.96 NOTE
r-devel-linux-x86_64-fedora-clang 0.1.0 51.57 NOTE
r-devel-linux-x86_64-fedora-gcc 0.1.0 48.82 NOTE
r-devel-windows-x86_64 0.1.0 3.00 52.00 55.00 NOTE
r-patched-linux-x86_64 0.1.0 2.07 36.73 38.80 NOTE
r-release-linux-x86_64 0.1.0 1.95 36.44 38.39 NOTE
r-release-macos-arm64 0.1.0 20.00 NOTE
r-release-windows-x86_64 0.1.0 3.00 51.00 54.00 NOTE
r-oldrel-macos-arm64 0.1.0 22.00 NOTE
r-oldrel-macos-x86_64 0.1.0 29.00 NOTE
r-oldrel-windows-x86_64 0.1.0 3.00 53.00 56.00 NOTE

Check Details

Version: 0.1.0
Check: LazyData
Result: NOTE 'LazyData' is specified without a 'data' directory Flavors: r-devel-linux-x86_64-debian-clang, r-devel-linux-x86_64-debian-gcc, r-devel-linux-x86_64-fedora-clang, r-devel-linux-x86_64-fedora-gcc, r-devel-windows-x86_64, r-patched-linux-x86_64, r-release-linux-x86_64, r-release-macos-arm64, r-release-windows-x86_64, r-oldrel-macos-arm64, r-oldrel-macos-x86_64, r-oldrel-windows-x86_64