CRAN Package Check Results for Package dynaSpec

Last updated on 2021-10-26 21:51:00 CEST.

Flavor Version Tinstall Tcheck Ttotal Status Flags
r-devel-linux-x86_64-debian-clang 1.0.1 3.71 28.81 32.52 OK
r-devel-linux-x86_64-debian-gcc 1.0.1 3.45 22.87 26.32 OK
r-devel-linux-x86_64-fedora-clang 1.0.1 52.44 NOTE
r-devel-linux-x86_64-fedora-gcc 1.0.1 40.43 NOTE
r-devel-windows-x86_64 1.0.1 8.00 50.00 58.00 OK
r-devel-windows-x86_64-gcc10-UCRT 1.0.1 NOTE
r-patched-linux-x86_64 1.0.1 4.05 28.21 32.26 OK
r-release-linux-x86_64 1.0.1 4.05 28.29 32.34 OK
r-release-macos-arm64 1.0.1 NOTE
r-release-macos-x86_64 1.0.1 NOTE
r-release-windows-ix86+x86_64 1.0.1 7.00 50.00 57.00 OK
r-oldrel-macos-x86_64 1.0.1 NOTE
r-oldrel-windows-ix86+x86_64 1.0.1 10.00 52.00 62.00 OK

Check Details

Version: 1.0.1
Check: dependencies in R code
Result: NOTE
    Namespaces in Imports field not imported from:
     ‘NatureSounds’ ‘av’ ‘magrittr’ ‘stats’
     All declared Imports should be used.
Flavors: r-devel-linux-x86_64-fedora-clang, r-devel-linux-x86_64-fedora-gcc, r-devel-windows-x86_64-gcc10-UCRT, r-release-macos-arm64, r-release-macos-x86_64, r-oldrel-macos-x86_64

Version: 1.0.1
Check: Rd cross-references
Result: NOTE
    Undeclared package ‘warbleR’ in Rd xrefs
Flavor: r-devel-linux-x86_64-fedora-clang