Last updated on 2022-07-04 02:53:29 CEST.
Flavor | Version | Tinstall | Tcheck | Ttotal | Status | Flags |
---|---|---|---|---|---|---|
r-devel-linux-x86_64-debian-clang | 2.0.2 | 39.83 | 380.46 | 420.29 | OK | |
r-devel-linux-x86_64-debian-gcc | 2.0.2 | 33.70 | 276.00 | 309.70 | OK | |
r-devel-linux-x86_64-fedora-clang | 2.0.2 | 491.54 | WARN | |||
r-devel-linux-x86_64-fedora-gcc | 2.0.2 | 504.04 | WARN | |||
r-devel-windows-x86_64 | 2.0.2 | 43.00 | 636.00 | 679.00 | OK | |
r-patched-linux-x86_64 | 2.0.2 | 34.55 | 361.15 | 395.70 | OK | |
r-release-linux-x86_64 | 2.0.2 | 32.42 | 363.62 | 396.04 | OK | |
r-release-macos-arm64 | 2.0.2 | 197.00 | OK | |||
r-release-macos-x86_64 | 2.0.2 | 325.00 | OK | |||
r-release-windows-x86_64 | 2.0.2 | 53.00 | 640.00 | 693.00 | OK | |
r-oldrel-macos-arm64 | 2.0.2 | 141.00 | OK | |||
r-oldrel-macos-x86_64 | 2.0.2 | 262.00 | OK | |||
r-oldrel-windows-ix86+x86_64 | 2.0.2 | 84.00 | 704.00 | 788.00 | OK |
Version: 2.0.2
Check: package dependencies
Result: WARN
Requires (indirectly) orphaned package: ‘gtools’
Flavors: r-devel-linux-x86_64-fedora-clang, r-devel-linux-x86_64-fedora-gcc