CRAN Package Check Results for Package dynlm

Last updated on 2020-09-25 03:48:15 CEST.

Flavor Version Tinstall Tcheck Ttotal Status Flags
r-devel-linux-x86_64-debian-clang 0.3-6 5.56 47.95 53.51 OK
r-devel-linux-x86_64-debian-gcc 0.3-6 4.26 36.37 40.63 OK
r-devel-linux-x86_64-fedora-clang 0.3-6 74.54 OK
r-devel-linux-x86_64-fedora-gcc 0.3-6 65.01 OK
r-devel-windows-ix86+x86_64 0.3-6 16.00 52.00 68.00 OK
r-patched-linux-x86_64 0.3-6 5.22 44.64 49.86 OK
r-patched-solaris-x86 0.3-6 95.60 OK
r-release-linux-x86_64 0.3-6 5.86 44.10 49.96 OK
r-release-macos-x86_64 0.3-6 NOTE
r-release-windows-ix86+x86_64 0.3-6 14.00 80.00 94.00 OK
r-oldrel-macos-x86_64 0.3-6 OK
r-oldrel-windows-ix86+x86_64 0.3-6 12.00 64.00 76.00 OK

Check Details

Version: 0.3-6
Check: package dependencies
Result: NOTE
    Package suggested but not available for checking: ‘TSA’
Flavor: r-release-macos-x86_64