CRAN Package Check Results for Package dynlm

Last updated on 2020-12-03 03:49:54 CET.

Flavor Version Tinstall Tcheck Ttotal Status Flags
r-devel-linux-x86_64-debian-clang 0.3-6 6.26 48.66 54.92 OK
r-devel-linux-x86_64-debian-gcc 0.3-6 4.95 36.83 41.78 OK
r-devel-linux-x86_64-fedora-clang 0.3-6 73.17 OK
r-devel-linux-x86_64-fedora-gcc 0.3-6 61.19 OK
r-devel-windows-ix86+x86_64 0.3-6 16.00 67.00 83.00 OK
r-patched-linux-x86_64 0.3-6 5.58 46.61 52.19 OK
r-patched-solaris-x86 0.3-6 96.60 OK
r-release-linux-x86_64 0.3-6 6.26 47.03 53.29 OK
r-release-macos-x86_64 0.3-6 NOTE
r-release-windows-ix86+x86_64 0.3-6 11.00 67.00 78.00 OK
r-oldrel-macos-x86_64 0.3-6 OK
r-oldrel-windows-ix86+x86_64 0.3-6 10.00 62.00 72.00 OK

Check Details

Version: 0.3-6
Check: package dependencies
Result: NOTE
    Package suggested but not available for checking: ‘TSA’
Flavor: r-release-macos-x86_64