Last updated on 2023-01-29 18:53:06 CET.
Flavor | Version | Tinstall | Tcheck | Ttotal | Status | Flags |
---|---|---|---|---|---|---|
r-devel-linux-x86_64-debian-clang | 1.0.2 | 11.09 | 111.19 | 122.28 | NOTE | |
r-devel-linux-x86_64-debian-gcc | 1.0.2 | 9.71 | 82.52 | 92.23 | NOTE | |
r-devel-linux-x86_64-fedora-clang | 1.0.2 | 155.48 | NOTE | |||
r-devel-linux-x86_64-fedora-gcc | 1.0.2 | 149.68 | NOTE | |||
r-devel-windows-x86_64 | 1.0.2 | 35.00 | 139.00 | 174.00 | NOTE | |
r-patched-linux-x86_64 | 1.0.2 | 12.02 | 106.71 | 118.73 | NOTE | |
r-release-linux-x86_64 | 1.0.2 | 10.59 | 108.94 | 119.53 | NOTE | |
r-release-macos-arm64 | 1.0.2 | 43.00 | NOTE | |||
r-release-macos-x86_64 | 1.0.2 | 89.00 | NOTE | |||
r-release-windows-x86_64 | 1.0.2 | 34.00 | 136.00 | 170.00 | NOTE | |
r-oldrel-macos-arm64 | 1.0.2 | 46.00 | NOTE | |||
r-oldrel-macos-x86_64 | 1.0.2 | 81.00 | NOTE | |||
r-oldrel-windows-ix86+x86_64 | 1.0.2 | 27.00 | 130.00 | 157.00 | NOTE |
Version: 1.0.2
Check: LazyData
Result: NOTE
'LazyData' is specified without a 'data' directory
Flavors: r-devel-linux-x86_64-debian-clang, r-devel-linux-x86_64-debian-gcc, r-devel-linux-x86_64-fedora-clang, r-devel-linux-x86_64-fedora-gcc, r-devel-windows-x86_64, r-patched-linux-x86_64, r-release-linux-x86_64, r-release-macos-arm64, r-release-macos-x86_64, r-release-windows-x86_64, r-oldrel-macos-arm64, r-oldrel-macos-x86_64, r-oldrel-windows-ix86+x86_64