CRAN Package Check Results for Package dynpred

Last updated on 2020-01-17 19:47:32 CET.

Flavor Version Tinstall Tcheck Ttotal Status Flags
r-devel-linux-x86_64-debian-clang 0.1.2 9.63 80.66 90.29 OK
r-devel-linux-x86_64-debian-gcc 0.1.2 7.07 61.06 68.13 OK
r-devel-linux-x86_64-fedora-clang 0.1.2 105.89 NOTE
r-devel-linux-x86_64-fedora-gcc 0.1.2 103.53 NOTE
r-devel-windows-ix86+x86_64 0.1.2 25.00 134.00 159.00 OK
r-devel-windows-ix86+x86_64-gcc8 0.1.2 19.00 172.00 191.00 OK
r-patched-linux-x86_64 0.1.2 7.01 71.16 78.17 OK
r-patched-solaris-x86 0.1.2 142.00 OK
r-release-linux-x86_64 0.1.2 7.18 71.11 78.29 OK
r-release-windows-ix86+x86_64 0.1.2 24.00 120.00 144.00 OK
r-release-osx-x86_64 0.1.2 OK
r-oldrel-windows-ix86+x86_64 0.1.2 15.00 142.00 157.00 OK
r-oldrel-osx-x86_64 0.1.2 OK

Check Details

Version: 0.1.2
Check: compiled code
Result: NOTE
    File ‘dynpred/libs/dynpred.so’:
     Found no calls to: ‘R_registerRoutines’, ‘R_useDynamicSymbols’
    
    It is good practice to register native routines and to disable symbol
    search.
    
    See ‘Writing portable packages’ in the ‘Writing R Extensions’ manual.
Flavors: r-devel-linux-x86_64-fedora-clang, r-devel-linux-x86_64-fedora-gcc