CRAN Package Check Results for Package dynpred

Last updated on 2020-08-13 01:55:02 CEST.

Flavor Version Tinstall Tcheck Ttotal Status Flags
r-devel-linux-x86_64-debian-clang 0.1.2 9.65 80.90 90.55 OK
r-devel-linux-x86_64-debian-gcc 0.1.2 6.78 61.11 67.89 OK
r-devel-linux-x86_64-fedora-clang 0.1.2 114.40 NOTE
r-devel-linux-x86_64-fedora-gcc 0.1.2 105.20 NOTE
r-devel-windows-ix86+x86_64 0.1.2 24.00 164.00 188.00 OK
r-patched-linux-x86_64 0.1.2 7.79 80.08 87.87 OK
r-patched-solaris-x86 0.1.2 154.80 OK
r-release-linux-x86_64 0.1.2 7.52 80.09 87.61 OK
r-release-macos-x86_64 0.1.2 OK
r-release-windows-ix86+x86_64 0.1.2 23.00 121.00 144.00 OK
r-oldrel-macos-x86_64 0.1.2 OK
r-oldrel-windows-ix86+x86_64 0.1.2 15.00 155.00 170.00 OK

Check Details

Version: 0.1.2
Check: compiled code
Result: NOTE
    File ‘dynpred/libs/dynpred.so’:
     Found no calls to: ‘R_registerRoutines’, ‘R_useDynamicSymbols’
    
    It is good practice to register native routines and to disable symbol
    search.
    
    See ‘Writing portable packages’ in the ‘Writing R Extensions’ manual.
Flavors: r-devel-linux-x86_64-fedora-clang, r-devel-linux-x86_64-fedora-gcc