CRAN Package Check Results for Package dynr

Last updated on 2025-01-25 20:49:46 CET.

Flavor Version Tinstall Tcheck Ttotal Status Flags
r-devel-linux-x86_64-debian-clang 0.1.16-105 33.35 179.53 212.88 NOTE
r-devel-linux-x86_64-debian-gcc 0.1.16-105 22.46 124.53 146.99 NOTE
r-devel-linux-x86_64-fedora-clang 0.1.16-105 343.39 OK
r-devel-linux-x86_64-fedora-gcc 0.1.16-105 334.76 OK
r-devel-windows-x86_64 0.1.16-105 59.00 237.00 296.00 NOTE
r-patched-linux-x86_64 0.1.16-105 41.73 187.45 229.18 OK
r-release-linux-x86_64 0.1.16-105 31.43 188.28 219.71 OK
r-release-macos-arm64 0.1.16-105 129.00 NOTE
r-release-macos-x86_64 0.1.16-105 180.00 NOTE
r-release-windows-x86_64 0.1.16-105 57.00 229.00 286.00 NOTE
r-oldrel-macos-arm64 0.1.16-105 98.00 NOTE
r-oldrel-macos-x86_64 0.1.16-105 184.00 NOTE
r-oldrel-windows-x86_64 0.1.16-105 69.00 258.00 327.00 NOTE

Check Details

Version: 0.1.16-105
Check: Rd cross-references
Result: NOTE Found the following Rd file(s) with Rd \link{} targets missing package anchors: dynr.cook.Rd: autoplot Please provide package anchors for all Rd \link{} targets not in the package itself and the base packages. Flavors: r-devel-linux-x86_64-debian-clang, r-devel-linux-x86_64-debian-gcc, r-devel-windows-x86_64

Version: 0.1.16-105
Check: installed package size
Result: NOTE installed size is 7.9Mb sub-directories of 1Mb or more: data 2.5Mb doc 1.4Mb libs 2.9Mb Flavors: r-release-macos-arm64, r-release-macos-x86_64, r-release-windows-x86_64, r-oldrel-macos-arm64, r-oldrel-macos-x86_64, r-oldrel-windows-x86_64