CRAN Package Check Results for Package dynsurv

Last updated on 2019-06-25 11:50:14 CEST.

Flavor Version Tinstall Tcheck Ttotal Status Flags
r-devel-linux-x86_64-debian-clang 0.3-6 40.26 70.06 110.32 OK
r-devel-linux-x86_64-debian-gcc 0.3-6 29.12 54.40 83.52 OK
r-devel-linux-x86_64-fedora-clang 0.3-6 146.11 NOTE
r-devel-linux-x86_64-fedora-gcc 0.3-6 117.81 OK
r-devel-windows-ix86+x86_64 0.3-6 83.00 120.00 203.00 OK
r-patched-linux-x86_64 0.3-6 32.00 66.84 98.84 OK
r-patched-solaris-x86 0.3-6 194.20 OK
r-release-linux-x86_64 0.3-6 33.54 67.60 101.14 OK
r-release-windows-ix86+x86_64 0.3-6 63.00 179.00 242.00 OK
r-release-osx-x86_64 0.3-6 NOTE
r-oldrel-windows-ix86+x86_64 0.3-6 52.00 115.00 167.00 OK
r-oldrel-osx-x86_64 0.3-6 NOTE

Check Details

Version: 0.3-6
Check: installed package size
Result: NOTE
     installed size is 5.7Mb
     sub-directories of 1Mb or more:
     libs 5.4Mb
Flavors: r-devel-linux-x86_64-fedora-clang, r-release-osx-x86_64, r-oldrel-osx-x86_64