CRAN Package Check Results for Package dynsurv

Last updated on 2019-03-21 22:50:56 CET.

Flavor Version Tinstall Tcheck Ttotal Status Flags
r-devel-linux-x86_64-debian-clang 0.3-6 38.72 68.93 107.65 OK
r-devel-linux-x86_64-debian-gcc 0.3-6 28.15 52.73 80.88 OK
r-devel-linux-x86_64-fedora-clang 0.3-6 143.23 NOTE
r-devel-linux-x86_64-fedora-gcc 0.3-6 118.07 OK
r-devel-windows-ix86+x86_64 0.3-6 85.00 144.00 229.00 OK
r-patched-linux-x86_64 0.3-6 28.64 63.87 92.51 OK
r-patched-solaris-x86 0.3-6 180.50 OK
r-release-linux-x86_64 0.3-6 27.94 63.75 91.69 OK
r-release-windows-ix86+x86_64 0.3-6 58.00 157.00 215.00 OK
r-release-osx-x86_64 0.3-6 NOTE
r-oldrel-windows-ix86+x86_64 0.3-6 76.00 144.00 220.00 OK
r-oldrel-osx-x86_64 0.3-6 NOTE

Check Details

Version: 0.3-6
Check: installed package size
Result: NOTE
     installed size is 5.8Mb
     sub-directories of 1Mb or more:
     libs 5.6Mb
Flavors: r-devel-linux-x86_64-fedora-clang, r-release-osx-x86_64, r-oldrel-osx-x86_64