CRAN Package Check Results for Package dynsurv

Last updated on 2023-03-29 20:54:32 CEST.

Flavor Version Tinstall Tcheck Ttotal Status Flags
r-devel-linux-x86_64-debian-clang 0.4-3 45.65 104.91 150.56 WARN
r-devel-linux-x86_64-debian-gcc 0.4-3 33.63 77.51 111.14 WARN
r-devel-linux-x86_64-fedora-clang 0.4-3 190.75 WARN
r-devel-linux-x86_64-fedora-gcc 0.4-3 189.87 WARN
r-devel-windows-x86_64 0.4-3 62.00 157.00 219.00 OK
r-patched-linux-x86_64 0.4-3 41.71 95.56 137.27 WARN
r-release-linux-x86_64 0.4-3 35.15 98.43 133.58 OK
r-release-macos-arm64 0.4-3 53.00 NOTE
r-release-macos-x86_64 0.4-3 98.00 NOTE
r-release-windows-x86_64 0.4-3 56.00 147.00 203.00 OK
r-oldrel-macos-arm64 0.4-3 62.00 NOTE
r-oldrel-macos-x86_64 0.4-3 68.00 NOTE
r-oldrel-windows-ix86+x86_64 0.4-3 83.00 162.00 245.00 OK

Check Details

Version: 0.4-3
Check: whether package can be installed
Result: WARN
    Found the following significant warnings:
     arms.c:105:16: warning: a function declaration without a prototype is deprecated in all versions of C [-Wstrict-prototypes]
     arms.c:902:16: warning: a function declaration without a prototype is deprecated in all versions of C [-Wstrict-prototypes]
    See ‘/home/hornik/tmp/R.check/r-devel-clang/Work/PKGS/dynsurv.Rcheck/00install.out’ for details.
    * used C compiler: ‘Debian clang version 15.0.6’
    * used C++ compiler: ‘Debian clang version 15.0.6’
Flavor: r-devel-linux-x86_64-debian-clang

Version: 0.4-3
Check: whether package can be installed
Result: WARN
    Found the following significant warnings:
     arms.c:105:1: warning: function declaration isn’t a prototype [-Wstrict-prototypes]
     arms.c:902:8: warning: function declaration isn’t a prototype [-Wstrict-prototypes]
    See ‘/home/hornik/tmp/R.check/r-devel-gcc/Work/PKGS/dynsurv.Rcheck/00install.out’ for details.
    * used C compiler: ‘gcc-12 (Debian 12.2.0-14) 12.2.0’
    * used C++ compiler: ‘g++-12 (Debian 12.2.0-14) 12.2.0’
Flavor: r-devel-linux-x86_64-debian-gcc

Version: 0.4-3
Check: whether package can be installed
Result: WARN
    Found the following significant warnings:
     arms.c:105:16: warning: a function declaration without a prototype is deprecated in all versions of C [-Wstrict-prototypes]
     arms.c:902:16: warning: a function declaration without a prototype is deprecated in all versions of C [-Wstrict-prototypes]
    See ‘/data/gannet/ripley/R/packages/tests-clang/dynsurv.Rcheck/00install.out’ for details.
    * used C compiler: ‘clang version 16.0.0’
    * used C++ compiler: ‘clang version 16.0.0’
Flavor: r-devel-linux-x86_64-fedora-clang

Version: 0.4-3
Check: whether package can be installed
Result: WARN
    Found the following significant warnings:
     arms.c:105:1: warning: function declaration isn’t a prototype [-Wstrict-prototypes]
     arms.c:902:8: warning: function declaration isn’t a prototype [-Wstrict-prototypes]
    See ‘/data/gannet/ripley/R/packages/tests-devel/dynsurv.Rcheck/00install.out’ for details.
    * used C compiler: ‘gcc (GCC) 12.2.1 20221121 (Red Hat 12.2.1-4)’
    * used C++ compiler: ‘g++ (GCC) 12.2.1 20221121 (Red Hat 12.2.1-4)’
Flavor: r-devel-linux-x86_64-fedora-gcc

Version: 0.4-3
Check: whether package can be installed
Result: WARN
    Found the following significant warnings:
     arms.c:105:1: warning: function declaration isn’t a prototype [-Wstrict-prototypes]
     arms.c:902:8: warning: function declaration isn’t a prototype [-Wstrict-prototypes]
    See ‘/home/hornik/tmp/R.check/r-patched-gcc/Work/PKGS/dynsurv.Rcheck/00install.out’ for details.
    * used C compiler: ‘gcc-11 (Debian 11.3.0-12) 11.3.0’
    * used C++ compiler: ‘g++-11 (Debian 11.3.0-12) 11.3.0’
Flavor: r-patched-linux-x86_64

Version: 0.4-3
Check: installed package size
Result: NOTE
     installed size is 5.7Mb
     sub-directories of 1Mb or more:
     libs 5.5Mb
Flavors: r-release-macos-arm64, r-release-macos-x86_64, r-oldrel-macos-arm64, r-oldrel-macos-x86_64