CRAN Package Check Results for Package eAnalytics

Last updated on 2021-09-28 14:52:06 CEST.

Flavor Version Tinstall Tcheck Ttotal Status Flags
r-devel-linux-x86_64-debian-clang 0.1.4 8.88 76.86 85.74 NOTE
r-devel-linux-x86_64-debian-gcc 0.1.4 6.34 58.78 65.12 NOTE
r-devel-linux-x86_64-fedora-clang 0.1.4 110.55 NOTE
r-devel-linux-x86_64-fedora-gcc 0.1.4 97.78 NOTE
r-devel-windows-x86_64 0.1.4 12.00 86.00 98.00 NOTE
r-devel-windows-x86_64-gcc10-UCRT 0.1.4 NOTE
r-patched-linux-x86_64 0.1.4 7.74 71.23 78.97 NOTE
r-patched-solaris-x86 0.1.4 147.00 NOTE
r-release-linux-x86_64 0.1.4 8.18 71.30 79.48 NOTE
r-release-macos-arm64 0.1.4 NOTE
r-release-macos-x86_64 0.1.4 NOTE
r-release-windows-ix86+x86_64 0.1.4 22.00 82.00 104.00 NOTE
r-oldrel-macos-x86_64 0.1.4 OK
r-oldrel-windows-ix86+x86_64 0.1.4 16.00 78.00 94.00 OK

Check Details

Version: 0.1.4
Check: LazyData
Result: NOTE
     'LazyData' is specified without a 'data' directory
Flavors: r-devel-linux-x86_64-debian-clang, r-devel-linux-x86_64-debian-gcc, r-devel-linux-x86_64-fedora-clang, r-devel-linux-x86_64-fedora-gcc, r-devel-windows-x86_64, r-devel-windows-x86_64-gcc10-UCRT, r-patched-linux-x86_64, r-patched-solaris-x86, r-release-linux-x86_64, r-release-macos-arm64, r-release-macos-x86_64, r-release-windows-ix86+x86_64