Last updated on 2023-12-03 04:56:05 CET.
Flavor | Version | Tinstall | Tcheck | Ttotal | Status | Flags |
---|---|---|---|---|---|---|
r-devel-linux-x86_64-debian-clang | 0.1.2 | 5.40 | 32.20 | 37.60 | NOTE | |
r-devel-linux-x86_64-debian-gcc | 0.1.2 | 4.80 | 23.95 | 28.75 | NOTE | |
r-devel-linux-x86_64-fedora-clang | 0.1.2 | 50.46 | OK | |||
r-devel-linux-x86_64-fedora-gcc | 0.1.2 | 49.15 | OK | |||
r-devel-windows-x86_64 | 0.1.2 | 8.00 | 48.00 | 56.00 | NOTE | |
r-patched-linux-x86_64 | 0.1.2 | 6.28 | 32.92 | 39.20 | NOTE | |
r-release-linux-x86_64 | 0.1.2 | 5.81 | 31.74 | 37.55 | NOTE | |
r-release-macos-arm64 | 0.1.2 | 21.00 | NOTE | |||
r-release-macos-x86_64 | 0.1.2 | 28.00 | NOTE | |||
r-release-windows-x86_64 | 0.1.2 | 9.00 | 51.00 | 60.00 | NOTE | |
r-oldrel-macos-arm64 | 0.1.2 | 20.00 | NOTE | |||
r-oldrel-macos-x86_64 | 0.1.2 | 25.00 | NOTE | |||
r-oldrel-windows-x86_64 | 0.1.2 | 10.00 | 58.00 | 68.00 | NOTE |
Version: 0.1.2
Check: package dependencies
Result: NOTE
Package suggested but not available for checking: ‘INLA’
Flavors: r-devel-linux-x86_64-debian-clang, r-devel-linux-x86_64-debian-gcc, r-devel-windows-x86_64, r-patched-linux-x86_64, r-release-linux-x86_64, r-release-macos-arm64, r-release-macos-x86_64, r-release-windows-x86_64, r-oldrel-macos-arm64, r-oldrel-macos-x86_64, r-oldrel-windows-x86_64