CRAN Package Check Results for Package eDMA

Last updated on 2020-11-28 08:47:40 CET.

Flavor Version Tinstall Tcheck Ttotal Status Flags
r-devel-linux-x86_64-debian-clang 1.5-3 159.86 37.06 196.92 OK
r-devel-linux-x86_64-debian-gcc 1.5-3 153.15 29.66 182.81 OK
r-devel-linux-x86_64-fedora-clang 1.5-3 226.70 NOTE
r-devel-linux-x86_64-fedora-gcc 1.5-3 203.53 OK
r-devel-windows-ix86+x86_64 1.5-3 276.00 75.00 351.00 OK
r-patched-linux-x86_64 1.5-3 235.35 36.26 271.61 OK
r-patched-solaris-x86 1.5-3 186.40 OK
r-release-linux-x86_64 1.5-3 235.59 35.40 270.99 OK
r-release-macos-x86_64 1.5-3 OK
r-release-windows-ix86+x86_64 1.5-3 285.00 58.00 343.00 OK
r-oldrel-macos-x86_64 1.5-3 OK
r-oldrel-windows-ix86+x86_64 1.5-3 246.00 71.00 317.00 OK

Check Details

Version: 1.5-3
Check: installed package size
Result: NOTE
     installed size is 6.4Mb
     sub-directories of 1Mb or more:
     libs 6.1Mb
Flavor: r-devel-linux-x86_64-fedora-clang