CRAN Package Check Results for Package eFRED

Last updated on 2021-10-25 02:50:54 CEST.

Flavor Version Tinstall Tcheck Ttotal Status Flags
r-devel-linux-x86_64-debian-clang 0.1.0 2.55 29.12 31.67 OK
r-devel-linux-x86_64-debian-gcc 0.1.0 2.42 23.17 25.59 OK
r-devel-linux-x86_64-fedora-clang 0.1.0 50.33 NOTE
r-devel-linux-x86_64-fedora-gcc 0.1.0 39.88 NOTE
r-devel-windows-x86_64 0.1.0 6.00 54.00 60.00 OK
r-devel-windows-x86_64-gcc10-UCRT 0.1.0 NOTE
r-patched-linux-x86_64 0.1.0 3.22 28.23 31.45 OK
r-patched-solaris-x86 0.1.0 63.60 NOTE
r-release-linux-x86_64 0.1.0 2.87 28.51 31.38 OK
r-release-macos-arm64 0.1.0 NOTE
r-release-macos-x86_64 0.1.0 NOTE
r-release-windows-ix86+x86_64 0.1.0 6.00 50.00 56.00 OK
r-oldrel-macos-x86_64 0.1.0 NOTE
r-oldrel-windows-ix86+x86_64 0.1.0 8.00 58.00 66.00 OK

Check Details

Version: 0.1.0
Check: data for non-ASCII characters
Result: NOTE
     Note: found 24 marked UTF-8 strings
Flavors: r-devel-linux-x86_64-fedora-clang, r-devel-linux-x86_64-fedora-gcc, r-devel-windows-x86_64-gcc10-UCRT, r-patched-solaris-x86, r-release-macos-arm64, r-release-macos-x86_64, r-oldrel-macos-x86_64