CRAN Package Check Results for Package eList

Last updated on 2022-09-27 21:53:48 CEST.

Flavor Version Tinstall Tcheck Ttotal Status Flags
r-devel-linux-x86_64-debian-clang 0.2.0 2.94 30.01 32.95 NOTE
r-devel-linux-x86_64-debian-gcc 0.2.0 2.38 22.83 25.21 NOTE
r-devel-linux-x86_64-fedora-clang 0.2.0 52.47 NOTE
r-devel-linux-x86_64-fedora-gcc 0.2.0 49.19 NOTE
r-devel-windows-x86_64 0.2.0 15.00 61.00 76.00 NOTE
r-patched-linux-x86_64 0.2.0 3.20 28.37 31.57 NOTE
r-release-linux-x86_64 0.2.0 2.53 27.69 30.22 NOTE
r-release-macos-arm64 0.2.0 18.00 NOTE
r-release-macos-x86_64 0.2.0 24.00 NOTE
r-release-windows-x86_64 0.2.0 21.00 61.00 82.00 NOTE
r-oldrel-macos-arm64 0.2.0 22.00 NOTE
r-oldrel-macos-x86_64 0.2.0 30.00 NOTE
r-oldrel-windows-ix86+x86_64 0.2.0 7.00 52.00 59.00 NOTE

Check Details

Version: 0.2.0
Check: LazyData
Result: NOTE
     'LazyData' is specified without a 'data' directory
Flavors: r-devel-linux-x86_64-debian-clang, r-devel-linux-x86_64-debian-gcc, r-devel-linux-x86_64-fedora-clang, r-devel-linux-x86_64-fedora-gcc, r-devel-windows-x86_64, r-patched-linux-x86_64, r-release-linux-x86_64, r-release-macos-arm64, r-release-macos-x86_64, r-release-windows-x86_64, r-oldrel-macos-arm64, r-oldrel-macos-x86_64, r-oldrel-windows-ix86+x86_64